{"id":9403,"date":"2015-04-16T21:50:19","date_gmt":"2015-04-16T19:50:19","guid":{"rendered":"https:\/\/brygny.2th.dk\/?page_id=9403"},"modified":"2025-03-11T16:18:35","modified_gmt":"2025-03-11T15:18:35","slug":"bryggeriet-thor","status":"publish","type":"page","link":"https:\/\/bryg.2th.dk\/?page_id=9403","title":{"rendered":"Bryggeriet Thor"},"content":{"rendered":"<h3>Bryggeriet Thor, 1850-2003<\/h3>\n<hr>\n<p><strong>KORT INFO OM BRYGGERIET\/FABRIKKEN.<\/strong><\/p>\n<table>\n<tbody>\n<tr style=\"border-style: hidden;\">\n<td style=\"width: 40%;background-color: #d4e6d3; height: 18px; border-style: hidden;\" scope=\"row\">&nbsp;<\/td>\n<td style=\"width: 60%; height: 18px; border-style: hidden; vertical-align: top; background-color: #ededed;\" scope=\"row\"><strong>Ejere.<\/strong><\/td>\n<\/tr>\n<tr style=\"border-style: hidden;\">\n<td style=\"width: 40%;background-color: #d4e6d3; height: 233px; border-style: hidden;\" rowspan=\"4\" scope=\"row\"><img decoding=\"async\" class=\"ngg-singlepic ngg-none aligncenter\" src=\"https:\/\/bryg.2th.dk\/wp-content\/gallery\/bryggeri-logoer\/intet_logo.jpg\" alt=\"\" width=\"85%\" height=\"200\"><\/td>\n<td style=\"vertical-align: top; width: 60%; border-color: #000000; height: 179px; border-style: hidden; background-color: #ededed;\" scope=\"row\">&#8211;<\/td>\n<\/tr>\n<tr style=\"border-style: hidden;\">\n<td style=\"vertical-align: top; width: 60%; border-color: #000000; height: 18px; border-style: hidden; background-color: #ededed;\"><strong>Links. <\/strong>Nej<\/td>\n<\/tr>\n<tr style=\"border-style: hidden;\">\n<td style=\"vertical-align: top; width: 60%; border-color: #000000; height: 18px; border-style: hidden; background-color: #ededed;\" scope=\"row\"><strong>Kendte adresser.<\/strong><\/td>\n<\/tr>\n<tr style=\"border-style: hidden;\">\n<td style=\"vertical-align: top; width: 60%; border-color: #000000; height: 18px; border-style: hidden; background-color: #ededed;\">Thorsgade 25-27, 8900 Randers.<\/td>\n<\/tr>\n<\/tbody>\n<\/table>\n<hr>\n<p><strong>HISTORIEN.<\/strong><\/p>\n<p style=\"text-align: justify;\">I 1850 kom en svensk eventyrer, der kaldte sig Johan Peter Lindahl, til Randers. Ud over at v\u00e6re glad for at rejse var han ogs\u00e5 meget glad for \u00f8l og \u00f8lbrygning. S\u00e5 glad, at han besluttede sig til at bygge et bryggeri i den kronjyske hovedstad. I l\u00f8bet af forbl\u00f8ffende kort tid fik han rejst kapital til sit forehavende, og snart kunne han opf\u00f8re et efter tiden b\u00e5de anseeligt og moderne bryggeri p\u00e5 hj\u00f8rnet af Nordre Grave og det nuv\u00e6rende Thorsgade.<\/p>\n<p style=\"text-align: justify;\">Lindahl havde dog ikke f\u00e5et rejsefeberen ud af kroppen, s\u00e5 omkring nyt\u00e5rstid 1854\/55 forlod han Randers til fordel for Amerika og kom aldrig siden til at spille nogen rolle p\u00e5 det bryggeri, han havde grundlagt.<\/p>\n<p style=\"text-align: justify;\">Bryggeriet blev k\u00f8bt af en anderledes stabil herre: Christian Emil Synnestvedt. Det endelige sk\u00f8de blev udf\u00e6rdiget den 12. juli 1856, og denne dato regnes i dag for bryggeriet Thors grundl\u00e6ggelse.<\/p>\n<p style=\"text-align: justify;\">I slutningen af 1860&#8217;erne var bryggeriet, som dengang bar de lidet mundrette navn &#8220;Synnestvedts Bayerske \u00d8lbryggeri&#8221;, det fjerdest\u00f8rste i provinsen.<\/p>\n<p style=\"text-align: justify;\">I 1870 k\u00f8bte Synnestvedt yderligere et par grunde nord for sit bryggeri med henblik p\u00e5 udvidelser. Det er p\u00e5 disse arealer, hovedparten af vore dages Thor Bryggeri er beliggende.<\/p>\n<p style=\"text-align: justify;\">I 1873 indrykkede Synnestvedt en annonce i Randers Amtsavis, hvori han meddelte, at han havde besluttet at omd\u00f8be sit bryggeri til Thor for at undg\u00e5 forvekslinger med andre bryggerier. Samme \u00e5r omdannede han sit bryggeri til et aktieselskab.<\/p>\n<p style=\"text-align: justify;\">I l\u00f8bet af de n\u00e6ste tre \u00e5r blev der opf\u00f8rt nye bygninger til s\u00e5vel maltg\u00f8reri som selve \u00f8lbryggeriet, der var indrettet efter de mest moderne principper og blandt andet udstyret med en dampmaskine.<\/p>\n<p style=\"text-align: justify;\">Endnu i 1890 blev der drukket betydeligt mere hvidt\u00f8l i Randers, end der blev drukket bayersk \u00f8l. Eftersp\u00f8rgslen efter sidstn\u00e6vnte var dog i kraftig v\u00e6kst, og i marts 1897 blev den f\u00f8rste Thor pilsner fremstillet.<\/p>\n<p style=\"text-align: justify;\">Efter \u00e5rhundredskiftet var Thor et af de f\u00f8rste bryggerier i Danmark, der skiftede fra propper til kapsler p\u00e5 flaskerne. Bryggeriet blev til stadighed udvidet: I 1927 blev et nyt gulvmalteri indviet; i 1929 blev et nyt \u00f8lfilter og tre moderne aluminiumstanke &#8211; som erstatning for de hidtidige egetr\u00e6sfade &#8211; installeret.<\/p>\n<p style=\"text-align: justify;\">I oktober 1976 fusionerede Thor Bryggerierne A\/S med Ceres Bryggerierne A\/S og det nu nedlagte Aalborg bryggeri &#8220;Urban&#8221; i Jyske Bryggerier A\/S.<\/p>\n<p style=\"text-align: justify;\">I 1977 opf\u00f8rte man, som det f\u00f8rste bryggeri i Danmark, fire udend\u00f8rs lagertanke, hver beregnet til 1.200 hl. Samme \u00e5r var der atter pladsmangel i g\u00e6rk\u00e6lderen, som derfor blev udvidet med yderligere seks tanke.<\/p>\n<p style=\"text-align: justify;\">I 1988 installerede Thor som det f\u00f8rste danske bryggeri en s\u00e5kaldt &#8220;superblok&#8221; &#8211; et integreret kompleks af topmoderne palleterings-, reng\u00f8rings-, pasteuriserings- og tappemaskiner. Superblokken kan tappe ikke f\u00e6rre end 55.000 flasker i timen.<\/p>\n<p style=\"text-align: justify;\">\u00c5ret efter fusionerede Jyske Bryggerier A\/S med Faxe Bryggeri A\/S i Bryggerierne Faxe Jyske AS &#8211; senere Bryggerigruppen A\/S.<\/p>\n<p style=\"text-align: justify;\">I 1995 fik Thor en ny 40 mio. kroners tappekolonne, der kan tappe 30.000 halvliters PRB-flasker pr. time. I august 2003 Blev bryggeriet lukket af Bryggerigruppen og deres produkter\/m\u00e6rker flyttet til andre af deres bryggerier. I dag under navnet Unibrew.<\/p>\n<hr>\n<p><strong>ETIKETTERNE.<\/strong><\/p>\nngg_shortcode_0_placeholder\n<hr>\n<p><strong>ARTIKLER.<\/strong><\/p>\n<ul class=\"display-posts-listing\"><li class=\"listing-item\"><a class=\"title\" href=\"https:\/\/bryg.2th.dk\/?p=40413\">Danmarks \u00e6ldste familieejede bryggeri solgt til Unibrew<\/a><\/li><li class=\"listing-item\"><a class=\"title\" href=\"https:\/\/bryg.2th.dk\/?p=40410\">K\u00e6mpe bygning skyder op \u2013 skal fyldes med \u00f8l og sodavand<\/a><\/li><li class=\"listing-item\"><a class=\"title\" href=\"https:\/\/bryg.2th.dk\/?p=30654\">Royal Unibrew k\u00f8ber N\u00f8rrebro Bryghus<\/a><\/li><li class=\"listing-item\"><a class=\"title\" href=\"https:\/\/bryg.2th.dk\/?p=6392\">Royal Unibrew k\u00f8ber stort finsk bryggeri<\/a><\/li><li class=\"listing-item\"><a class=\"title\" href=\"https:\/\/bryg.2th.dk\/?p=1739\">Bryggerigruppen k\u00f8ber op<\/a><\/li><li class=\"listing-item\"><a class=\"title\" href=\"https:\/\/bryg.2th.dk\/?p=1718\">THOR Bryggerierne lukkes<\/a><\/li><li class=\"listing-item\"><a class=\"title\" href=\"https:\/\/bryg.2th.dk\/?p=6861\">Bryggerier fusionerer<\/a><\/li><\/ul>\n<hr>\n<p><strong>ANDET.<\/strong><\/p>\n<p>Der er ikke nogen informationer til dette punkt endnu.<\/p>\n<hr>\n<p><strong>LITTERATUR.<\/strong><\/p>\n<p>Der er ikke nogen informationer til dette punkt endnu.<\/p>\n<hr>\n<p><strong>REKLAMER &#8211; HERUNDER REKLAME FILM.<\/strong><\/p>\n<p>Der er ikke nogen informationer til dette punkt endnu.<\/p>\n","protected":false},"excerpt":{"rendered":"<p>Bryggeriet Thor, 1850-2003 KORT INFO OM BRYGGERIET\/FABRIKKEN. &nbsp; Ejere. &#8211; Links. Nej Kendte adresser. Thorsgade 25-27, 8900 Randers. HISTORIEN. I 1850 kom en svensk eventyrer, der kaldte sig Johan Peter Lindahl, til Randers. Ud over at v\u00e6re glad for at rejse var han ogs\u00e5 meget glad for \u00f8l og \u00f8lbrygning. S\u00e5 glad, at han besluttede &hellip; <a href=\"https:\/\/bryg.2th.dk\/?p=6861\" class=\"more-link\">L\u00e6s videre <span class=\"screen-reader-text\">Bryggerier fusionerer<\/span> <span class=\"meta-nav\">&rarr;<\/span><\/a><\/p>\n","protected":false},"author":2,"featured_media":0,"parent":1112,"menu_order":0,"comment_status":"closed","ping_status":"closed","template":"","meta":{"ngg_post_thumbnail":0,"footnotes":""},"categories":[369,53],"tags":[96],"class_list":["post-9403","page","type-page","status-publish","hentry","category-8900b","category-danske-bryggerier-danske-bryggerier","tag-dk_bryg"],"_links":{"self":[{"href":"https:\/\/bryg.2th.dk\/index.php?rest_route=\/wp\/v2\/pages\/9403","targetHints":{"allow":["GET"]}}],"collection":[{"href":"https:\/\/bryg.2th.dk\/index.php?rest_route=\/wp\/v2\/pages"}],"about":[{"href":"https:\/\/bryg.2th.dk\/index.php?rest_route=\/wp\/v2\/types\/page"}],"author":[{"embeddable":true,"href":"https:\/\/bryg.2th.dk\/index.php?rest_route=\/wp\/v2\/users\/2"}],"replies":[{"embeddable":true,"href":"https:\/\/bryg.2th.dk\/index.php?rest_route=%2Fwp%2Fv2%2Fcomments&post=9403"}],"version-history":[{"count":0,"href":"https:\/\/bryg.2th.dk\/index.php?rest_route=\/wp\/v2\/pages\/9403\/revisions"}],"up":[{"embeddable":true,"href":"https:\/\/bryg.2th.dk\/index.php?rest_route=\/wp\/v2\/pages\/1112"}],"wp:attachment":[{"href":"https:\/\/bryg.2th.dk\/index.php?rest_route=%2Fwp%2Fv2%2Fmedia&parent=9403"}],"wp:term":[{"taxonomy":"category","embeddable":true,"href":"https:\/\/bryg.2th.dk\/index.php?rest_route=%2Fwp%2Fv2%2Fcategories&post=9403"},{"taxonomy":"post_tag","embeddable":true,"href":"https:\/\/bryg.2th.dk\/index.php?rest_route=%2Fwp%2Fv2%2Ftags&post=9403"}],"curies":[{"name":"wp","href":"https:\/\/api.w.org\/{rel}","templated":true}]}}