{"id":8919,"date":"2015-04-14T22:11:49","date_gmt":"2015-04-14T20:11:49","guid":{"rendered":"https:\/\/brygny.2th.dk\/?page_id=8919"},"modified":"2025-03-03T19:05:48","modified_gmt":"2025-03-03T18:05:48","slug":"pladderballe-bryghus","status":"publish","type":"page","link":"https:\/\/bryg.2th.dk\/?page_id=8919","title":{"rendered":"Pladderballe Bryghus"},"content":{"rendered":"<h3>Pladderballe Bryghus, 2012-2017<\/h3>\n<hr>\n<p><strong>KORT INFO OM BRYGGERIET\/FABRIKKEN.<\/strong><\/p>\n<table>\n<tbody>\n<tr style=\"border-style: hidden;\">\n<td style=\"width: 40%;background-color: #d4e6d3; height: 18px; border-style: hidden;\" scope=\"row\">&nbsp;<\/td>\n<td style=\"width: 60%; height: 18px; border-style: hidden; vertical-align: top; background-color: #ededed;\" scope=\"row\"><strong>Ejere.<\/strong><\/td>\n<\/tr>\n<tr style=\"border-style: hidden;\">\n<td style=\"width: 40%;background-color: #d4e6d3; height: 233px; border-style: hidden;\" rowspan=\"4\" scope=\"row\"><img decoding=\"async\" class=\"ngg-singlepic ngg-none aligncenter\" src=\"https:\/\/bryg.2th.dk\/wp-content\/gallery\/bryggeri-logoer\/intet_logo.jpg\" alt=\"\" width=\"85%\" height=\"200\"><\/td>\n<td style=\"vertical-align: top; width: 60%; border-color: #000000; height: 179px; border-style: hidden; background-color: #ededed;\" scope=\"row\">&#8211;<\/td>\n<\/tr>\n<tr style=\"border-style: hidden;\">\n<td style=\"vertical-align: top; width: 60%; border-color: #000000; height: 18px; border-style: hidden; background-color: #ededed;\"><strong>Links. <\/strong>Nej<\/td>\n<\/tr>\n<tr style=\"border-style: hidden;\">\n<td style=\"vertical-align: top; width: 60%; border-color: #000000; height: 18px; border-style: hidden; background-color: #ededed;\" scope=\"row\"><strong>Kendte adresser.<\/strong><\/td>\n<\/tr>\n<tr style=\"border-style: hidden;\">\n<td style=\"vertical-align: top; width: 60%; border-color: #000000; height: 18px; border-style: hidden; background-color: #ededed;\">Skovs\u00f8 Lillevang 3, 4200 Slagelse<\/td>\n<\/tr>\n<\/tbody>\n<\/table>\n<hr>\n<p><strong>HISTORIEN.<\/strong><\/p>\n<p style=\"text-align: justify;\">Historien om Pladderballe Bryghus&#8217; tilblivelse &#8220;\u00d8l blev opdaget ved et uheld. Uheldet bestod i, at det ikke blev opdaget noget f\u00f8r&#8221;, siger Monrad &amp; Rislund.<\/p>\n<p style=\"text-align: justify;\">D&#8217;herrer Monrad &amp; Rislund har i tidens l\u00f8b sagt mange kloge ting om \u00f8l. De har sunget om \u00f8l. I 1986 udgav de s\u00e5gar en plade om \u00f8l; &#8220;\u00d8l er Gud&#8221;. I 2012 er de g\u00e5et et skridt videre, idet de l\u00e6gger navne til fire helt nye \u00f8l, brygget p\u00e5 Pladderballe Bryghus. Med deres gode navne og n\u00e6sten lige s\u00e5 gode rygte, garanterer de \u00f8lnydelse i s\u00e6rklasse.<\/p>\n<p style=\"text-align: justify;\">Men lad os lige g\u00e5 tilbage i tiden og se, hvordan det hele startede.I 2006 fik John Serritzlev den id\u00e9 at lade det hedengangne &#8220;N\u00e6stved Bryggerierne F\u00f8niks&#8221;, som bryggede godt \u00f8l til de lokale tilbage i starten af 1900 tallet og frem til 1955, genopst\u00e5 p\u00e5 samme m\u00e5de som fuglen af samme navn i tidernes morgen genopstod af asken. I flere \u00e5r har N\u00e6stved Bryggeriet nu leveret kvalitets\u00f8l til en lang r\u00e6kke sj\u00e6llandske dagligvarebutikker og restauranter under sloganet &#8220;Den gode smag er tilbage&#8221;. Brygmesteren bag den gode smag hedder Alexander Fritz. I 2011 modtog han de Danske \u00d8lentuiasters \u00e5rlige regionale \u00f8lpris, blandt andet for at &#8220;have v\u00e6ret med til at udvide og flytte den g\u00e6ngse opfattelse af, hvad godt \u00f8l er.&#8221;<\/p>\n<p style=\"text-align: justify;\">Med i kredsen af lokale tilh\u00e6ngere af godt \u00f8l i N\u00e6stved er ogs\u00e5 Martin Bo Petersen, som er en &#8220;sv\u00e6rv\u00e6gter&#8221; indenfor viden om \u00f8l. Udover at v\u00e6re \u00f8lfan er han en inkarneret Monrad &amp; Rislund fan, og har v\u00e6ret en trofast g\u00e6st ved deres koncerter gennem mange \u00e5r.<\/p>\n<p style=\"text-align: justify;\">Hvor Monrad &amp; Rislund-holdet generelt holder meget af \u00f8l, s\u00e5 er Martin en decideret aficionado. Sp\u00f8rg ham om fx. bryggerier fra Stillehavet, og han kan levere en stribe navne p\u00e5 bryggerier i dette omr\u00e5de og tilmed oplyse, hvordan de smager.<\/p>\n<p style=\"text-align: justify;\">Da \u00f8l som bekendt ogs\u00e5 har fyldt meget i Monrad &amp; Rislunds sp\u00f8jse univers, fik Martin for et par \u00e5r siden den oplagte id\u00e9, at de to herrer skulle starte deres eget fantom bryghus, der skulle h\u00f8re under Bryggeriet F\u00f8niks, og naturligvis hedde Pladderballe Bryghus. Monrad &amp; Rislund fandt umiddelbart tanken sjov, men mente, det var et luftkastel.<\/p>\n<p style=\"text-align: justify;\">Ventetiden fra Martin lancerede id\u00e9en om &#8220;Pladderballe Bryghus&#8221;, og til den blev realiseret, var lang. Martin m\u00e5tte vente t\u00e5lmodigt, f\u00f8r han fik medvind. F\u00f8rst da Monrad &amp; Rislund havde t\u00e6nkt sig om, havde pr\u00f8ve-smagt produkter fra N\u00e6stved Bryggeriet F\u00f8niks, og John Serritzlev for alvor kom p\u00e5 banen, blev det nye bryghus til en realitet.<\/p>\n<p style=\"text-align: justify;\">Mange vil sikkert genkende navnene p\u00e5 de f\u00f8rste fire \u00f8l p\u00e5 markedet fra Pladderballe Bryghus; Kakerlakpuler, Kalap\u00f8jser, Brodtgaard Basement Classic &amp; Monrad Rislund Classic.<\/p>\n<p style=\"text-align: justify;\">Pladderballes \u00f8lflasker har en QR kode, som du kan scanne med din smartphone. Hvad der sker, og hvem du m\u00f8der p\u00e5 dit display, vil Monrad &amp; Rislund og deres kapelmester \u00d8jvind Ougaard ikke afsl\u00f8re p\u00e5 forh\u00e5nd. Men de pointerer, at de vil g\u00f8re deres til, at du er i godt selskab, n\u00e5r du nyder en \u00f8l fra Pladderballe Bryghus.<\/p>\n<p style=\"text-align: justify;\">(kilde: Pladderballe Bryghus)<\/p>\n<p style=\"text-align: justify;\">I 2012 lukkede Ph\u00f8niks og derved blev \u00f8llene produceret et nyt sted. Det blev Svaneke Bryghus som fortsatte brygningen af \u00f8llene fra Pladderballe.<\/p>\n<p style=\"text-align: justify;\">Den 20. november 2015 gik Jan Monrad bort i en alder af 64 \u00e5r. Og s\u00e5 er par \u00e5r efter har man s\u00e5 valgt at lukke bryggeriet ned. Det blev markeret med et stort udsalg af diverse effekter af duoen Jan &amp; Monrad.<\/p>\n<hr>\n<p><strong>ETIKETTERNE.<\/strong><\/p>\n<p>Der er ikke nogen informationer til dette punkt endnu.<\/p>\n<hr>\n<p><strong>ARTIKLER.<\/strong><\/p>\n<p>Der er ikke nogen informationer til dette punkt endnu.<\/p>\n<hr>\n<p><strong>ANDET.<\/strong><\/p>\n<p>Der er ikke nogen informationer til dette punkt endnu.<\/p>\n<hr>\n<p><strong>LITTERATUR.<\/strong><\/p>\n<p>Der er ikke nogen informationer til dette punkt endnu.<\/p>\n<hr>\n<p><strong>REKLAMER &#8211; HERUNDER REKLAME FILM.<\/strong><\/p>\n<div class=\"epyt-video-wrapper\">\n<div  id=\"_ytid_64929\"  width=\"474\" height=\"288\"  data-origwidth=\"474\" data-origheight=\"288\"  data-relstop=\"1\" data-facadesrc=\"https:\/\/www.youtube.com\/embed\/USalGov7tVU?enablejsapi=1&#038;autoplay=0&#038;cc_load_policy=1&#038;cc_lang_pref=&#038;iv_load_policy=1&#038;loop=0&#038;rel=0&#038;fs=1&#038;playsinline=0&#038;autohide=2&#038;hl=da_DK&#038;theme=dark&#038;color=red&#038;controls=1&#038;disablekb=0&#038;\" class=\"__youtube_prefs__ epyt-facade epyt-is-override  no-lazyload\" data-epautoplay=\"1\" ><img decoding=\"async\" data-spai-excluded=\"true\" class=\"epyt-facade-poster skip-lazy\" loading=\"lazy\"  alt=\"YouTube player\"  src=\"https:\/\/i.ytimg.com\/vi\/USalGov7tVU\/maxresdefault.jpg\"  \/><button class=\"epyt-facade-play\" aria-label=\"Play\"><svg data-no-lazy=\"1\" height=\"100%\" version=\"1.1\" viewBox=\"0 0 68 48\" width=\"100%\"><path class=\"ytp-large-play-button-bg\" d=\"M66.52,7.74c-0.78-2.93-2.49-5.41-5.42-6.19C55.79,.13,34,0,34,0S12.21,.13,6.9,1.55 C3.97,2.33,2.27,4.81,1.48,7.74C0.06,13.05,0,24,0,24s0.06,10.95,1.48,16.26c0.78,2.93,2.49,5.41,5.42,6.19 C12.21,47.87,34,48,34,48s21.79-0.13,27.1-1.55c2.93-0.78,4.64-3.26,5.42-6.19C67.94,34.95,68,24,68,24S67.94,13.05,66.52,7.74z\" fill=\"#f00\"><\/path><path d=\"M 45,24 27,14 27,34\" fill=\"#fff\"><\/path><\/svg><\/button><\/div>\n<\/div>\n","protected":false},"excerpt":{"rendered":"<p>Pladderballe Bryghus, 2012-2017 KORT INFO OM BRYGGERIET\/FABRIKKEN. &nbsp; Ejere. &#8211; Links. Nej Kendte adresser. Skovs\u00f8 Lillevang 3, 4200 Slagelse HISTORIEN. Historien om Pladderballe Bryghus&#8217; tilblivelse &#8220;\u00d8l blev opdaget ved et uheld. Uheldet bestod i, at det ikke blev opdaget noget f\u00f8r&#8221;, siger Monrad &amp; Rislund. D&#8217;herrer Monrad &amp; Rislund har i tidens l\u00f8b sagt mange &hellip; <a href=\"https:\/\/bryg.2th.dk\/?page_id=8919\" class=\"more-link\">L\u00e6s videre <span class=\"screen-reader-text\">Pladderballe Bryghus<\/span> <span class=\"meta-nav\">&rarr;<\/span><\/a><\/p>\n","protected":false},"author":2,"featured_media":0,"parent":1068,"menu_order":0,"comment_status":"closed","ping_status":"closed","template":"","meta":{"ngg_post_thumbnail":0,"footnotes":""},"categories":[563,53],"tags":[96],"class_list":["post-8919","page","type-page","status-publish","hentry","category-4200b","category-danske-bryggerier-danske-bryggerier","tag-dk_bryg"],"_links":{"self":[{"href":"https:\/\/bryg.2th.dk\/index.php?rest_route=\/wp\/v2\/pages\/8919","targetHints":{"allow":["GET"]}}],"collection":[{"href":"https:\/\/bryg.2th.dk\/index.php?rest_route=\/wp\/v2\/pages"}],"about":[{"href":"https:\/\/bryg.2th.dk\/index.php?rest_route=\/wp\/v2\/types\/page"}],"author":[{"embeddable":true,"href":"https:\/\/bryg.2th.dk\/index.php?rest_route=\/wp\/v2\/users\/2"}],"replies":[{"embeddable":true,"href":"https:\/\/bryg.2th.dk\/index.php?rest_route=%2Fwp%2Fv2%2Fcomments&post=8919"}],"version-history":[{"count":0,"href":"https:\/\/bryg.2th.dk\/index.php?rest_route=\/wp\/v2\/pages\/8919\/revisions"}],"up":[{"embeddable":true,"href":"https:\/\/bryg.2th.dk\/index.php?rest_route=\/wp\/v2\/pages\/1068"}],"wp:attachment":[{"href":"https:\/\/bryg.2th.dk\/index.php?rest_route=%2Fwp%2Fv2%2Fmedia&parent=8919"}],"wp:term":[{"taxonomy":"category","embeddable":true,"href":"https:\/\/bryg.2th.dk\/index.php?rest_route=%2Fwp%2Fv2%2Fcategories&post=8919"},{"taxonomy":"post_tag","embeddable":true,"href":"https:\/\/bryg.2th.dk\/index.php?rest_route=%2Fwp%2Fv2%2Ftags&post=8919"}],"curies":[{"name":"wp","href":"https:\/\/api.w.org\/{rel}","templated":true}]}}