{"id":8837,"date":"2015-04-14T21:32:45","date_gmt":"2015-04-14T19:32:45","guid":{"rendered":"https:\/\/brygny.2th.dk\/?page_id=8837"},"modified":"2025-09-21T18:10:04","modified_gmt":"2025-09-21T16:10:04","slug":"oerbaek-bryggeri","status":"publish","type":"page","link":"https:\/\/bryg.2th.dk\/?page_id=8837","title":{"rendered":"\u00d8rb\u00e6k Bryggeri"},"content":{"rendered":"<h3>\u00d8rb\u00e6k Bryggeri, 1914-?<\/h3>\n<hr>\n<p><strong>KORT INFO OM BRYGGERIET\/FABRIKKEN.<\/strong><\/p>\n<table>\n<tbody>\n<tr style=\"border-style: hidden;\">\n<td style=\"width: 40%; background-color: #d4e6d3; height: 18px; border-style: hidden;\" scope=\"row\">&nbsp;<\/td>\n<td style=\"width: 60%; height: 18px; border-style: hidden; vertical-align: top; background-color: #ededed;\" scope=\"row\"><strong>Ejere.<\/strong><\/td>\n<\/tr>\n<tr style=\"border-style: hidden;\">\n<td style=\"width: 40%; background-color: #d4e6d3; height: 233px; border-style: hidden;\" rowspan=\"4\" scope=\"row\"><img loading=\"lazy\" decoding=\"async\" class=\"ngg-singlepic ngg-none aligncenter\" src=\"https:\/\/bryg.2th.dk\/wp-content\/gallery\/bryggeri-logoer\/Oerbaek_logo.jpg\" alt=\"\u00d8rb\u00e6k_logo.jpg\" width=\"200\" height=\"200\"><\/td>\n<td style=\"vertical-align: top; width: 60%; border-color: #000000; height: 179px; border-style: hidden; background-color: #ededed;\" scope=\"row\">Niels Madsen, 1914-1940<br \/>\nJohannes Madsen, 1940-1977<br \/>\nN. Madsen, 1977-1978<br \/>\n\u00d8rb\u00e6k Bryggeri aps, 1978-1983<br \/>\nPreben Faurholdt, 1983-1993<br \/>\nFam. R\u00f8mer, 1997-1998<br \/>\nNaturfrisk A\/S 1998-<\/td>\n<\/tr>\n<tr style=\"border-style: hidden;\">\n<td style=\"vertical-align: top; width: 60%; border-color: #000000; height: 18px; border-style: hidden; background-color: #ededed;\"><strong>&nbsp;<\/strong><strong>Links.<\/strong> <a href=\"https:\/\/oerbaek-bryggeri.nu\/\" target=\"_blank\" rel=\"noopener noreferrer\">ja<\/a><\/td>\n<\/tr>\n<tr style=\"border-style: hidden;\">\n<td style=\"vertical-align: top; width: 60%; border-color: #000000; height: 18px; border-style: hidden; background-color: #ededed;\"><strong>Kendte adresser.<\/strong><\/td>\n<\/tr>\n<tr style=\"border-style: hidden;\">\n<td style=\"vertical-align: top; width: 60%; border-color: #000000; height: 18px; border-style: hidden; background-color: #ededed;\" scope=\"row\">Assensvej 38, 5853 \u00d8rb\u00e6k<\/td>\n<\/tr>\n<\/tbody>\n<\/table>\n<hr>\n<p><strong>HISTORIEN.<\/strong><\/p>\n<p style=\"text-align: justify;\">\u00d8rb\u00e6k bryggeri blev grundlagt i 1906 af familien Madsen i \u00d8rb\u00e6k, i vis ejerskab det var i tre generationer. Bryggeriet blev bygget som et malt 1906- og hvidt\u00f8lsbryggeri i 1914. P\u00e5 Fyn blev bryggeriet specielt kendt for dets Stakit\u00f8l, som blev fremstillet af r\u00f8gmalt fra bryggeriets eget malteri.<\/p>\n<p style=\"text-align: justify;\">Stakit\u00f8l var en overg\u00e6ret, m\u00f8rk \u00f8l, der havde en r\u00f8get smag. \u00d8llet blev leveret i femliters flasker, som blev anbragt i tremmekurve af tr\u00e6 \u2013 deraf navnet Stakit\u00f8l. Fra 1947 begyndte man med mineralvandsproduktion ved siden af \u00f8l brygningen.<\/p>\n<p style=\"text-align: justify;\">I 1948 opstod der brand p\u00e5 bryggeriet i maj m\u00e5ned, og branden var s\u00e5 voldsom at stort set hele bryggeriet nedbr\u00e6ndte. Der var kun murene tilbage efter slukningsarbejdet. Bryggeriet er efterf\u00f8lgende blevet genopbygget kort tid efter.<\/p>\n<p style=\"text-align: justify;\">I slutningen af 70\u2019erne solgte familien Madsen \u00d8rb\u00e6k Bryggeri. I \u00e5rene indtil 1994 havde bryggeriet skiftende ejere \u2013 ejerskiftene skyldtes den stigende konkurrence p\u00e5 \u00f8l og sodavand fra st\u00f8rre bryggerier. I starten 1993&nbsp;blev den dav\u00e6rende ejer n\u00f8dt til at lukke.<\/p>\n<p style=\"text-align: justify;\">Niels og Nicolai R\u00f8mer, overtog i 1996 \u00d8rb\u00e6k Bryggeri. Bryggeriet var intakt; i de smukke, gamle bygninger var der bryghus, tappekolonne og meget andet.<\/p>\n<p id=\"u49624-12\" style=\"text-align: justify;\">Bryggeriet&nbsp;med at producere \u00f8kologiske sodavand og juice under navnet NaturFrisk i 1997.<\/p>\n<p id=\"u49624-14\" style=\"text-align: justify;\">Produkterne kan findes p\u00e5 udvalgte caf\u00e9er og restauranter. I 2001 f\u00f8lte vi, at tiden var moden til genoptage \u00f8lproduktionen p\u00e5 \u00d8rb\u00e6k Bryggeri \u2013 en \u00f8kologisk \u00f8lproduktion. Vores f\u00f8rste bryg var p\u00e5 gaden i 2002.<\/p>\n<p style=\"text-align: justify;\">2005 var et skels\u00e6ttende \u00e5r, da ejerne&nbsp;indviede en ny tilbygning med mere tidssvarende brygudstyr. Denne del af bryggeriet har en brygkapacitet p\u00e5 60 Hl. pr bryg, og p\u00e5 trods af bygningens moderne arkitektur harmonerer den med den gamle del af bryggeriet. P\u00e5 den m\u00e5de har ejerne&nbsp;efter udsagn fra s\u00e5vel medarbejdere og bes\u00f8gene bevaret de smukke rammer for \u00d8rb\u00e6k Bryggeri.<\/p>\n<hr>\n<p><strong>ETIKETTERNE. &#8211; DE GAMLE<\/strong><\/p>\nngg_shortcode_0_placeholder\n<hr>\n<p><strong>ETIKETTERNE. &#8211; DE NYE<\/strong><\/p>\nngg_shortcode_1_placeholder\n<hr>\n<p><strong>ARTIKLER.<\/strong><\/p>\n<p>Der er ikke nogen informationer til dette punkt endnu.<\/p>\n<hr>\n<p><strong>ANDET.<\/strong><\/p>\n<p>Der er ikke nogen informationer til dette punkt endnu.<\/p>\n<hr>\n<p><strong>LITTERATUR.<\/strong><\/p>\n<p>Der er ikke nogen informationer til dette punkt endnu.<\/p>\n<hr>\n<p><strong>REKLAMER &#8211; HERUNDER REKLAME FILM.<\/strong><\/p>\n<p>Bes\u00f8g p\u00e5 \u00d8rb\u00e6k Bryggeri<\/p>\n<div class=\"epyt-video-wrapper\">\n<div  id=\"_ytid_58235\"  width=\"474\" height=\"288\"  data-origwidth=\"474\" data-origheight=\"288\"  data-relstop=\"1\" data-facadesrc=\"https:\/\/www.youtube.com\/embed\/3NawMW9SAjQ?enablejsapi=1&#038;autoplay=0&#038;cc_load_policy=1&#038;cc_lang_pref=&#038;iv_load_policy=1&#038;loop=0&#038;rel=0&#038;fs=1&#038;playsinline=0&#038;autohide=2&#038;hl=da_DK&#038;theme=dark&#038;color=red&#038;controls=1&#038;disablekb=0&#038;\" class=\"__youtube_prefs__ epyt-facade epyt-is-override  no-lazyload\" data-epautoplay=\"1\" ><img decoding=\"async\" data-spai-excluded=\"true\" class=\"epyt-facade-poster skip-lazy\" loading=\"lazy\"  alt=\"YouTube player\"  src=\"https:\/\/i.ytimg.com\/vi\/3NawMW9SAjQ\/maxresdefault.jpg\"  \/><button class=\"epyt-facade-play\" aria-label=\"Play\"><svg data-no-lazy=\"1\" height=\"100%\" version=\"1.1\" viewBox=\"0 0 68 48\" width=\"100%\"><path class=\"ytp-large-play-button-bg\" d=\"M66.52,7.74c-0.78-2.93-2.49-5.41-5.42-6.19C55.79,.13,34,0,34,0S12.21,.13,6.9,1.55 C3.97,2.33,2.27,4.81,1.48,7.74C0.06,13.05,0,24,0,24s0.06,10.95,1.48,16.26c0.78,2.93,2.49,5.41,5.42,6.19 C12.21,47.87,34,48,34,48s21.79-0.13,27.1-1.55c2.93-0.78,4.64-3.26,5.42-6.19C67.94,34.95,68,24,68,24S67.94,13.05,66.52,7.74z\" fill=\"#f00\"><\/path><path d=\"M 45,24 27,14 27,34\" fill=\"#fff\"><\/path><\/svg><\/button><\/div>\n<\/div>\n","protected":false},"excerpt":{"rendered":"<p>\u00d8rb\u00e6k Bryggeri, 1914-? KORT INFO OM BRYGGERIET\/FABRIKKEN. &nbsp; Ejere. Niels Madsen, 1914-1940 Johannes Madsen, 1940-1977 N. Madsen, 1977-1978 \u00d8rb\u00e6k Bryggeri aps, 1978-1983 Preben Faurholdt, 1983-1993 Fam. R\u00f8mer, 1997-1998 Naturfrisk A\/S 1998- &nbsp;Links. ja Kendte adresser. Assensvej 38, 5853 \u00d8rb\u00e6k HISTORIEN. \u00d8rb\u00e6k bryggeri blev grundlagt i 1906 af familien Madsen i \u00d8rb\u00e6k, i vis ejerskab det &hellip; <a href=\"https:\/\/bryg.2th.dk\/?page_id=8837\" class=\"more-link\">L\u00e6s videre <span class=\"screen-reader-text\">\u00d8rb\u00e6k Bryggeri<\/span> <span class=\"meta-nav\">&rarr;<\/span><\/a><\/p>\n","protected":false},"author":2,"featured_media":0,"parent":21,"menu_order":0,"comment_status":"closed","ping_status":"closed","template":"","meta":{"ngg_post_thumbnail":0,"footnotes":""},"categories":[173,53],"tags":[96],"class_list":["post-8837","page","type-page","status-publish","hentry","category-5853b","category-danske-bryggerier-danske-bryggerier","tag-dk_bryg"],"_links":{"self":[{"href":"https:\/\/bryg.2th.dk\/index.php?rest_route=\/wp\/v2\/pages\/8837","targetHints":{"allow":["GET"]}}],"collection":[{"href":"https:\/\/bryg.2th.dk\/index.php?rest_route=\/wp\/v2\/pages"}],"about":[{"href":"https:\/\/bryg.2th.dk\/index.php?rest_route=\/wp\/v2\/types\/page"}],"author":[{"embeddable":true,"href":"https:\/\/bryg.2th.dk\/index.php?rest_route=\/wp\/v2\/users\/2"}],"replies":[{"embeddable":true,"href":"https:\/\/bryg.2th.dk\/index.php?rest_route=%2Fwp%2Fv2%2Fcomments&post=8837"}],"version-history":[{"count":4,"href":"https:\/\/bryg.2th.dk\/index.php?rest_route=\/wp\/v2\/pages\/8837\/revisions"}],"predecessor-version":[{"id":53379,"href":"https:\/\/bryg.2th.dk\/index.php?rest_route=\/wp\/v2\/pages\/8837\/revisions\/53379"}],"up":[{"embeddable":true,"href":"https:\/\/bryg.2th.dk\/index.php?rest_route=\/wp\/v2\/pages\/21"}],"wp:attachment":[{"href":"https:\/\/bryg.2th.dk\/index.php?rest_route=%2Fwp%2Fv2%2Fmedia&parent=8837"}],"wp:term":[{"taxonomy":"category","embeddable":true,"href":"https:\/\/bryg.2th.dk\/index.php?rest_route=%2Fwp%2Fv2%2Fcategories&post=8837"},{"taxonomy":"post_tag","embeddable":true,"href":"https:\/\/bryg.2th.dk\/index.php?rest_route=%2Fwp%2Fv2%2Ftags&post=8837"}],"curies":[{"name":"wp","href":"https:\/\/api.w.org\/{rel}","templated":true}]}}