{"id":8111,"date":"2015-04-12T12:43:23","date_gmt":"2015-04-12T10:43:23","guid":{"rendered":"https:\/\/brygny.2th.dk\/?page_id=8111"},"modified":"2025-03-11T16:50:06","modified_gmt":"2025-03-11T15:50:06","slug":"kolding-bryghus","status":"publish","type":"page","link":"https:\/\/bryg.2th.dk\/?page_id=8111","title":{"rendered":"Kolding Bryghus"},"content":{"rendered":"<h3>Kolding Bryghus, 1935-1959<\/h3>\n<hr>\n<p><strong>KORT INFO OM BRYGGERIET\/FABRIKKEN.<\/strong><\/p>\n<table>\n<tbody>\n<tr style=\"border-style: hidden;\">\n<td style=\"width: 40%;background-color: #d4e6d3; height: 18px; border-style: hidden;\" scope=\"row\">&nbsp;<\/td>\n<td style=\"width: 60%; height: 18px; border-style: hidden; vertical-align: top; background-color: #ededed;\" scope=\"row\"><strong>Ejere.<\/strong><\/td>\n<\/tr>\n<tr style=\"border-style: hidden;\">\n<td style=\"width: 40%;background-color: #d4e6d3; height: 233px; border-style: hidden;\" rowspan=\"4\" scope=\"row\"><img decoding=\"async\" class=\"ngg-singlepic ngg-none aligncenter\" src=\"https:\/\/bryg.2th.dk\/wp-content\/gallery\/bryggeri-logoer\/intet_logo.jpg\" alt=\"\" width=\"85%\" height=\"200\"><\/td>\n<td style=\"vertical-align: top; width: 60%; border-color: #000000; height: 179px; border-style: hidden; background-color: #ededed;\" scope=\"row\">Jakob Bagge 1935-1959<\/td>\n<\/tr>\n<tr style=\"border-style: hidden;\">\n<td style=\"vertical-align: top; width: 60%; border-color: #000000; height: 18px; border-style: hidden; background-color: #ededed;\"><strong>Links. <\/strong>Nej<\/td>\n<\/tr>\n<tr style=\"border-style: hidden;\">\n<td style=\"vertical-align: top; width: 60%; border-color: #000000; height: 18px; border-style: hidden; background-color: #ededed;\" scope=\"row\"><strong>Kendte adresser.<\/strong><\/td>\n<\/tr>\n<tr style=\"border-style: hidden;\">\n<td style=\"vertical-align: top; width: 60%; border-color: #000000; height: 18px; border-style: hidden; background-color: #ededed;\">Gl. Dalbyvej 18, 6000 Kolding<\/td>\n<\/tr>\n<\/tbody>\n<\/table>\n<hr>\n<p><strong>HISTORIEN.<\/strong><\/p>\n<p style=\"text-align: justify;\">Anders Lauritz Larsen startede med at brygge \u00f8l omkring 1890 . Bryggeriet havde hjemme p\u00e5 nuv\u00e6rende T\u00f8ndervej. I 1897 overtager han ejendommen Gl. Dalbyvej nr. 18. Larsen har nu tilsyneladende fremgang i salget og ogs\u00e5 aftapning af bayersk \u00f8l fra Slotsm\u00f8llen. I 1907 opf\u00f8rer han en ny bygning t\u00e6nkt anvendt som maltg\u00f8reri. I 1919 afh\u00e6nder han sit bryggeri, hvorefter det nedl\u00e6gges.<\/p>\n<p style=\"text-align: justify;\">Omkring 1935 startede Jakob Bagge hvidt\u00f8lsbryggeri i den samme bygning i Dalbygade kaldet Kolding Bryghus. Han forhandlede ogs\u00e5 skattepligtig \u00f8l fra bryggeriet Thor i Randers og i 1950\u2019erne var bryggeriet depot for \u00f8l fra bryggeriet Thordal i skive. Bagges bryggeri oph\u00f8rte ca. 1959.<\/p>\n<p style=\"text-align: justify;\">I forbindelse med sanering i Dalbygadeomr\u00e5det omkring 1990 var den forfaldne fhv. bryggeribygning truet af total-sanering. Det lykkedes at bevare bygningen og den ligger nu (2007) p\u00e5 privat grund med adressen Karolinegade 10 med mulig adgang ad indk\u00f8rsel fra Karolinegade eller ad trappe fra Parkvej. S\u00e5vidt vides er det byens eneste bevarede bryggeribygning.<\/p>\n<hr>\n<p><strong>ETIKETTERNE.<\/strong><\/p>\nngg_shortcode_0_placeholder\n<hr>\n<p><strong>ARTIKLER.<\/strong><\/p>\n<p>Der er ikke nogen informationer til dette punkt endnu.<\/p>\n<hr>\n<p><strong>ANDET.<\/strong><\/p>\n<p>Der er ikke nogen informationer til dette punkt endnu.<\/p>\n<hr>\n<p><strong>LITTERATUR.<\/strong><\/p>\n<p>Der er ikke nogen informationer til dette punkt endnu.<\/p>\n<hr>\n<p><strong>REKLAMER &#8211; HERUNDER REKLAME FILM.<\/strong><\/p>\n<p>Der er ikke nogen informationer til dette punkt endnu.<\/p>\n","protected":false},"excerpt":{"rendered":"<p>Kolding Bryghus, 1935-1959 KORT INFO OM BRYGGERIET\/FABRIKKEN. &nbsp; Ejere. Jakob Bagge 1935-1959 Links. Nej Kendte adresser. Gl. Dalbyvej 18, 6000 Kolding HISTORIEN. Anders Lauritz Larsen startede med at brygge \u00f8l omkring 1890 . Bryggeriet havde hjemme p\u00e5 nuv\u00e6rende T\u00f8ndervej. I 1897 overtager han ejendommen Gl. Dalbyvej nr. 18. Larsen har nu tilsyneladende fremgang i salget &hellip; <a href=\"https:\/\/bryg.2th.dk\/?page_id=8111\" class=\"more-link\">L\u00e6s videre <span class=\"screen-reader-text\">Kolding Bryghus<\/span> <span class=\"meta-nav\">&rarr;<\/span><\/a><\/p>\n","protected":false},"author":2,"featured_media":0,"parent":1112,"menu_order":0,"comment_status":"closed","ping_status":"closed","template":"","meta":{"ngg_post_thumbnail":0,"footnotes":""},"categories":[187,53],"tags":[96],"class_list":["post-8111","page","type-page","status-publish","hentry","category-6000b","category-danske-bryggerier-danske-bryggerier","tag-dk_bryg"],"_links":{"self":[{"href":"https:\/\/bryg.2th.dk\/index.php?rest_route=\/wp\/v2\/pages\/8111","targetHints":{"allow":["GET"]}}],"collection":[{"href":"https:\/\/bryg.2th.dk\/index.php?rest_route=\/wp\/v2\/pages"}],"about":[{"href":"https:\/\/bryg.2th.dk\/index.php?rest_route=\/wp\/v2\/types\/page"}],"author":[{"embeddable":true,"href":"https:\/\/bryg.2th.dk\/index.php?rest_route=\/wp\/v2\/users\/2"}],"replies":[{"embeddable":true,"href":"https:\/\/bryg.2th.dk\/index.php?rest_route=%2Fwp%2Fv2%2Fcomments&post=8111"}],"version-history":[{"count":0,"href":"https:\/\/bryg.2th.dk\/index.php?rest_route=\/wp\/v2\/pages\/8111\/revisions"}],"up":[{"embeddable":true,"href":"https:\/\/bryg.2th.dk\/index.php?rest_route=\/wp\/v2\/pages\/1112"}],"wp:attachment":[{"href":"https:\/\/bryg.2th.dk\/index.php?rest_route=%2Fwp%2Fv2%2Fmedia&parent=8111"}],"wp:term":[{"taxonomy":"category","embeddable":true,"href":"https:\/\/bryg.2th.dk\/index.php?rest_route=%2Fwp%2Fv2%2Fcategories&post=8111"},{"taxonomy":"post_tag","embeddable":true,"href":"https:\/\/bryg.2th.dk\/index.php?rest_route=%2Fwp%2Fv2%2Ftags&post=8111"}],"curies":[{"name":"wp","href":"https:\/\/api.w.org\/{rel}","templated":true}]}}