{"id":7203,"date":"2015-04-11T21:47:18","date_gmt":"2015-04-11T19:47:18","guid":{"rendered":"https:\/\/brygny.2th.dk\/?page_id=7203"},"modified":"2025-03-13T20:27:42","modified_gmt":"2025-03-13T19:27:42","slug":"hancock-bryggerierne","status":"publish","type":"page","link":"https:\/\/bryg.2th.dk\/?page_id=7203","title":{"rendered":"Hancock Bryggerierne"},"content":{"rendered":"<h3>Hancock Bryggerierne, 1877-?<\/h3>\n<hr>\n<p><strong>KORT INFO OM BRYGGERIET\/FABRIKKEN.<\/strong><\/p>\n<table>\n<tbody>\n<tr style=\"border-style: hidden;\">\n<td style=\"width: 40%;background-color: #d4e6d3; height: 18px; border-style: hidden;\" scope=\"row\">&nbsp;<\/td>\n<td style=\"width: 60%; height: 18px; border-style: hidden; vertical-align: top; background-color: #ededed;\" scope=\"row\"><strong>Ejere.<\/strong><\/td>\n<\/tr>\n<tr style=\"border-style: hidden;\">\n<td style=\"width: 40%;background-color: #d4e6d3; height: 233px; border-style: hidden;\" rowspan=\"4\" scope=\"row\"><img decoding=\"async\" class=\"ngg-singlepic ngg-none aligncenter\" src=\"https:\/\/bryg.2th.dk\/wp-content\/gallery\/bryggeri-logoer\/hancock_logo.jpg\" alt=\"\" width=\"85%\" height=\"200\"><\/td>\n<td style=\"vertical-align: top; width: 60%; border-color: #000000; height: 179px; border-style: hidden; background-color: #ededed;\" scope=\"row\">Anthon Peter Lorentzen, 1877-1892<br \/>\nChr. Daugaard, 1892-1895<br \/>\nBryggeriet &#8220;Thordal, 1895-1962<br \/>\n<span style=\"color: #808000;\">under ledelse af: Chr. Christensen, 1895-1913<\/span><br \/>\n<span style=\"color: #808000;\">Erik Nielsen, 1913-1933<\/span><br \/>\n<span style=\"color: #808000;\">Erling Strange Nielsen, 1933-1971<\/span><br \/>\nHancock Bryggerierne 1962-1971<br \/>\nHancock Bryggerierne A\/S 1971-<\/td>\n<\/tr>\n<tr style=\"border-style: hidden;\">\n<td style=\"vertical-align: top; width: 60%; border-color: #000000; height: 18px; border-style: hidden; background-color: #ededed;\"><strong>Links. <\/strong><a href=\"https:\/\/www.hancock.dk\/\" target=\"_blank\" rel=\"noopener noreferrer\">Ja<\/a><\/td>\n<\/tr>\n<tr style=\"border-style: hidden;\">\n<td style=\"vertical-align: top; width: 60%; border-color: #000000; height: 18px; border-style: hidden; background-color: #ededed;\" scope=\"row\"><strong>Kendte adresser.<\/strong><\/td>\n<\/tr>\n<tr style=\"border-style: hidden;\">\n<td style=\"vertical-align: top; width: 60%; border-color: #000000; height: 18px; border-style: hidden; background-color: #ededed;\">Humlevej 32, Resen, 7800 Skive<\/td>\n<\/tr>\n<\/tbody>\n<\/table>\n<hr>\n<p><strong>HISTORIEN.<\/strong><\/p>\n<p style=\"text-align: justify;\">I 1876 startede A. P. Lorentzen i N\u00f8rregade 44 med en lille hjemmeproduktion af hvidt\u00f8l. 6 \u00e5r senere i 1882 manglede han plads, og udvidede ved k\u00f8b af nabogrunden. I 1889 forpagtede Christian Daugaard bryggeriet, og overtog det efter en tvangsauktion i 1892. I 1895 k\u00f8bte Christian Christiansen bryggeriet og udvidede. Han delte virksomheden i to grene: et \u00f8lbryggeri han gav navnet Thordal efter sin hustru, og en mineralvandsfabrik han kaldte Krystal.<\/p>\n<p style=\"text-align: justify;\">Sidel\u00f8bende med ovenn\u00e6vnte udvikling startede Erik Nielsen i 1891 med at lave sodavand i N\u00f8rregade, men pladsen blev for trang, og kort efter flyttede han produktionen til ejendommen p\u00e5 hj\u00f8rnet af Vestergade og Asylgade. I 1906 flyttede produktionen igen, denne gang til ejendommen p\u00e5 hj\u00f8rnet af Sallinggade og Gr\u00f8nnegade, og her fortsatte han sin virksomhed til 1913, hvor han overtog Thordal bryggeri og mineralvandsfabrik, N\u00f8rregade 44. I 1933 overtog Erling Strange Nielsen Thordal efter sin fader. S\u00f8nnen havde tilbragt en del af sin ungdom p\u00e5 forskellige bryggerier i Bayern, og havde derfor foruds\u00e6tninger for at udvide sortimentet med pilsner\u00f8l. Den f\u00f8rste brygning kom i handlen i 1935. To \u00e5r efter udviklede han sortimentet med en kraftigere \u00f8l ved navn &#8220;M\u00fcnchener \u00f8l&#8221;. Denne \u00f8l blev forl\u00f8beren for den nuv\u00e6rende &#8220;Old Gambrinus Beer&#8221;. Men p\u00e5 grund af det st\u00f8rre maltforbrug, blev denne st\u00e6rke \u00f8ltype forbudt ved krigens begyndelse. Efter krigens slutning begyndte man igen af brygge &#8220;M\u00fcnchener \u00f8l&#8221;, men det m\u00e5tte kun afs\u00e6ttes til eksport.<\/p>\n<p style=\"text-align: justify;\">I 1954 flyttede tapperiet udenfor byen til den nuv\u00e6rende adresse. Selve bryghuset blev liggende i N\u00f8rregade, og man k\u00f8rte derfor \u00f8llet i tankbil til tapperiet udenfor byen. F\u00f8rst 1963 flyttede bryghuset og lagerk\u00e6ldrene med. I begyndelsen af 1950 fors\u00f8gte man at udvide eksporten, hvorfor man havde brug for et mere internationalt klingende navn til eksport\u00f8llet. Da eksports\u00e6lgeren var engelsk gift, l\u00e5 l\u00f8sningen lige for. Hustruens pigenavn var Hancock, og dermed havde man ogs\u00e5 et logo. Herefter blev der eksporteret til Sverige, Norge, England og Tyskland under navnet Hancock, mens man p\u00e5 hjemmemarkedet fortsatte med navnet Thordal. Eksporthandlen blev dog ikke til s\u00e5 meget, og best\u00e5r i dag stort set kun af den tyske gr\u00e6nsehandel.<\/p>\n<p style=\"text-align: justify;\">I 1971 blev bryggeriet omdannet til at aktieselskab, og navnet Thordal blev sl\u00f8jfet. Herefter var navnet Hancock Bryggerierne A\/S. I 1985 overtog Fritz E. Strange Nielsen Hancock. Han er uddannet p\u00e5 bryggerskolen Weihenstepaner &#8211; Technische Hochschule f\u00fcr Brauerei, nord for M\u00fcnchen, og har derfor et indg\u00e5ende kendskab til hvordan man fortsat laver \u00f8l og vand af h\u00f8j kvalitet.<\/p>\n<hr>\n<p><strong>ETIKETTERNE.<\/strong><\/p>\nngg_shortcode_0_placeholder\n<hr>\n<p><strong>ARTIKLER.<\/strong><\/p>\n<p>Der er ikke nogen informationer til dette punkt endnu.<\/p>\n<hr>\n<p><strong>ANDET.<\/strong><\/p>\n<p>Der er ikke nogen informationer til dette punkt endnu.<\/p>\n<hr>\n<p><strong>LITTERATUR.<\/strong><\/p>\n<p>Der er ikke nogen informationer til dette punkt endnu.<\/p>\n<hr>\n<p><strong>REKLAMER &#8211; HERUNDER REKLAME FILM.<\/strong><\/p>\n<p>Der er ikke nogen informationer til dette punkt endnu.<\/p>\n","protected":false},"excerpt":{"rendered":"<p>Hancock Bryggerierne, 1877-? KORT INFO OM BRYGGERIET\/FABRIKKEN. &nbsp; Ejere. Anthon Peter Lorentzen, 1877-1892 Chr. Daugaard, 1892-1895 Bryggeriet &#8220;Thordal, 1895-1962 under ledelse af: Chr. Christensen, 1895-1913 Erik Nielsen, 1913-1933 Erling Strange Nielsen, 1933-1971 Hancock Bryggerierne 1962-1971 Hancock Bryggerierne A\/S 1971- Links. Ja Kendte adresser. Humlevej 32, Resen, 7800 Skive HISTORIEN. I 1876 startede A. P. Lorentzen &hellip; <a href=\"https:\/\/bryg.2th.dk\/?page_id=7203\" class=\"more-link\">L\u00e6s videre <span class=\"screen-reader-text\">Hancock Bryggerierne<\/span> <span class=\"meta-nav\">&rarr;<\/span><\/a><\/p>\n","protected":false},"author":2,"featured_media":0,"parent":1112,"menu_order":0,"comment_status":"closed","ping_status":"closed","template":"","meta":{"ngg_post_thumbnail":0,"footnotes":""},"categories":[399,53],"tags":[96],"class_list":["post-7203","page","type-page","status-publish","hentry","category-7800b","category-danske-bryggerier-danske-bryggerier","tag-dk_bryg"],"_links":{"self":[{"href":"https:\/\/bryg.2th.dk\/index.php?rest_route=\/wp\/v2\/pages\/7203","targetHints":{"allow":["GET"]}}],"collection":[{"href":"https:\/\/bryg.2th.dk\/index.php?rest_route=\/wp\/v2\/pages"}],"about":[{"href":"https:\/\/bryg.2th.dk\/index.php?rest_route=\/wp\/v2\/types\/page"}],"author":[{"embeddable":true,"href":"https:\/\/bryg.2th.dk\/index.php?rest_route=\/wp\/v2\/users\/2"}],"replies":[{"embeddable":true,"href":"https:\/\/bryg.2th.dk\/index.php?rest_route=%2Fwp%2Fv2%2Fcomments&post=7203"}],"version-history":[{"count":0,"href":"https:\/\/bryg.2th.dk\/index.php?rest_route=\/wp\/v2\/pages\/7203\/revisions"}],"up":[{"embeddable":true,"href":"https:\/\/bryg.2th.dk\/index.php?rest_route=\/wp\/v2\/pages\/1112"}],"wp:attachment":[{"href":"https:\/\/bryg.2th.dk\/index.php?rest_route=%2Fwp%2Fv2%2Fmedia&parent=7203"}],"wp:term":[{"taxonomy":"category","embeddable":true,"href":"https:\/\/bryg.2th.dk\/index.php?rest_route=%2Fwp%2Fv2%2Fcategories&post=7203"},{"taxonomy":"post_tag","embeddable":true,"href":"https:\/\/bryg.2th.dk\/index.php?rest_route=%2Fwp%2Fv2%2Ftags&post=7203"}],"curies":[{"name":"wp","href":"https:\/\/api.w.org\/{rel}","templated":true}]}}