{"id":6867,"date":"2015-04-09T19:33:40","date_gmt":"2015-04-09T17:33:40","guid":{"rendered":"https:\/\/brygny.2th.dk\/?page_id=6867"},"modified":"2025-03-13T20:22:42","modified_gmt":"2025-03-13T19:22:42","slug":"duelund-bryglade","status":"publish","type":"page","link":"https:\/\/bryg.2th.dk\/?page_id=6867","title":{"rendered":"Duelund Bryglade"},"content":{"rendered":"<h3>Duelund Bryglade, 2006-2011<\/h3>\n<hr>\n<p><strong>KORT INFO OM BRYGGERIET\/FABRIKKEN.<\/strong><\/p>\n<table>\n<tbody>\n<tr style=\"border-style: hidden;\">\n<td style=\"width: 40%;background-color: #d4e6d3; height: 18px; border-style: hidden;\" scope=\"row\">&nbsp;<\/td>\n<td style=\"width: 60%; height: 18px; border-style: hidden; vertical-align: top; background-color: #ededed;\" scope=\"row\"><strong>Ejere.<\/strong><\/td>\n<\/tr>\n<tr style=\"border-style: hidden;\">\n<td style=\"width: 40%;background-color: #d4e6d3; height: 233px; border-style: hidden;\" rowspan=\"4\" scope=\"row\"><img decoding=\"async\" class=\"ngg-singlepic ngg-none aligncenter\" src=\"https:\/\/bryg.2th.dk\/wp-content\/gallery\/bryggeri-logoer\/duelund_logo.jpg\" alt=\"\" width=\"85%\" height=\"200\"><\/td>\n<td style=\"vertical-align: top; width: 60%; border-color: #000000; height: 179px; border-style: hidden; background-color: #ededed;\" scope=\"row\">&#8211;<\/td>\n<\/tr>\n<tr style=\"border-style: hidden;\">\n<td style=\"vertical-align: top; width: 60%; border-color: #000000; height: 18px; border-style: hidden; background-color: #ededed;\"><strong>Links. <\/strong>Nej<\/td>\n<\/tr>\n<tr style=\"border-style: hidden;\">\n<td style=\"vertical-align: top; width: 60%; border-color: #000000; height: 18px; border-style: hidden; background-color: #ededed;\" scope=\"row\"><strong>Kendte adresser.<\/strong><\/td>\n<\/tr>\n<tr style=\"border-style: hidden;\">\n<td style=\"vertical-align: top; width: 60%; border-color: #000000; height: 18px; border-style: hidden; background-color: #ededed;\">Duelundvej 11, 8620 Kjellerup<\/td>\n<\/tr>\n<\/tbody>\n<\/table>\n<hr>\n<p><strong>HISTORIEN.<\/strong><\/p>\n<p style=\"text-align: justify;\">Duelund Bryglade har v\u00e6ret ramt af uheld. Kort tid efter bryggeriet \u00e5bnede 24. marts 2007, blev Poul H\u00f8jlund ramt af en alvorlig kr\u00e6ftsygdom. Herefter m\u00e5tte der af n\u00f8dvendighed kontraktbrygges ved Jensens Bryghus. I f\u00f8rste omgang blev der tappet men senere ogs\u00e5 brygget. Samleveren og pilefletteren Anna Mortensen overtog i denne periode med kr\u00e6ftsygdommen driften af bryggeriet.<\/p>\n<p style=\"text-align: justify;\">Februar 2009 gik Jensens Bryghus konkurs, hvorefter Poul H\u00f8jlund flyttede hele produktionen hjem til laden p\u00e5 Duelundgaard igen. Efterf\u00f8lgende har bryggeriet v\u00e6ret plaget af infektionsproblemer. Tilbage i april meddelte Duelund Bryglade s\u00e5, at der var droslet kraftigt ned p\u00e5 ambitionerne, s\u00e5ledes at bryghuset fremover var et fritidsprojekt. I dag kom s\u00e5 meddelelsen om lukningen.<\/p>\n<hr>\n<p><strong>ETIKETTERNE.<\/strong><\/p>\n<p>Der er ikke nogen informationer til dette punkt endnu.<\/p>\n<hr>\n<p><strong>ARTIKLER.<\/strong><\/p>\n<p>Der er ikke nogen informationer til dette punkt endnu.<\/p>\n<hr>\n<p><strong>ANDET.<\/strong><\/p>\n<p>Der er ikke nogen informationer til dette punkt endnu.<\/p>\n<hr>\n<p><strong>LITTERATUR.<\/strong><\/p>\n<p>Der er ikke nogen informationer til dette punkt endnu.<\/p>\n<hr>\n<p><strong>REKLAMER &#8211; HERUNDER REKLAME FILM.<\/strong><\/p>\n<p>Der er ikke nogen informationer til dette punkt endnu.<\/p>\n","protected":false},"excerpt":{"rendered":"<p>Duelund Bryglade, 2006-2011 KORT INFO OM BRYGGERIET\/FABRIKKEN. &nbsp; Ejere. &#8211; Links. Nej Kendte adresser. Duelundvej 11, 8620 Kjellerup HISTORIEN. Duelund Bryglade har v\u00e6ret ramt af uheld. Kort tid efter bryggeriet \u00e5bnede 24. marts 2007, blev Poul H\u00f8jlund ramt af en alvorlig kr\u00e6ftsygdom. Herefter m\u00e5tte der af n\u00f8dvendighed kontraktbrygges ved Jensens Bryghus. I f\u00f8rste omgang blev &hellip; <a href=\"https:\/\/bryg.2th.dk\/?page_id=6867\" class=\"more-link\">L\u00e6s videre <span class=\"screen-reader-text\">Duelund Bryglade<\/span> <span class=\"meta-nav\">&rarr;<\/span><\/a><\/p>\n","protected":false},"author":2,"featured_media":0,"parent":1112,"menu_order":0,"comment_status":"closed","ping_status":"closed","template":"","meta":{"ngg_post_thumbnail":0,"footnotes":""},"categories":[338,53],"tags":[96],"class_list":["post-6867","page","type-page","status-publish","hentry","category-8620b","category-danske-bryggerier-danske-bryggerier","tag-dk_bryg"],"_links":{"self":[{"href":"https:\/\/bryg.2th.dk\/index.php?rest_route=\/wp\/v2\/pages\/6867","targetHints":{"allow":["GET"]}}],"collection":[{"href":"https:\/\/bryg.2th.dk\/index.php?rest_route=\/wp\/v2\/pages"}],"about":[{"href":"https:\/\/bryg.2th.dk\/index.php?rest_route=\/wp\/v2\/types\/page"}],"author":[{"embeddable":true,"href":"https:\/\/bryg.2th.dk\/index.php?rest_route=\/wp\/v2\/users\/2"}],"replies":[{"embeddable":true,"href":"https:\/\/bryg.2th.dk\/index.php?rest_route=%2Fwp%2Fv2%2Fcomments&post=6867"}],"version-history":[{"count":0,"href":"https:\/\/bryg.2th.dk\/index.php?rest_route=\/wp\/v2\/pages\/6867\/revisions"}],"up":[{"embeddable":true,"href":"https:\/\/bryg.2th.dk\/index.php?rest_route=\/wp\/v2\/pages\/1112"}],"wp:attachment":[{"href":"https:\/\/bryg.2th.dk\/index.php?rest_route=%2Fwp%2Fv2%2Fmedia&parent=6867"}],"wp:term":[{"taxonomy":"category","embeddable":true,"href":"https:\/\/bryg.2th.dk\/index.php?rest_route=%2Fwp%2Fv2%2Fcategories&post=6867"},{"taxonomy":"post_tag","embeddable":true,"href":"https:\/\/bryg.2th.dk\/index.php?rest_route=%2Fwp%2Fv2%2Ftags&post=6867"}],"curies":[{"name":"wp","href":"https:\/\/api.w.org\/{rel}","templated":true}]}}