{"id":5844,"date":"2015-04-07T13:03:51","date_gmt":"2015-04-07T11:03:51","guid":{"rendered":"https:\/\/brygny.2th.dk\/?page_id=5844"},"modified":"2025-03-03T16:07:30","modified_gmt":"2025-03-03T15:07:30","slug":"bryggeriet-brygmand","status":"publish","type":"page","link":"https:\/\/bryg.2th.dk\/?page_id=5844","title":{"rendered":"Bryggeriet Brygmand"},"content":{"rendered":"<h3>Bryggeriet Brygmand, 2006-2007<\/h3>\n<hr>\n<p><strong>KORT INFO OM BRYGGERIET\/FABRIKKEN.<\/strong><\/p>\n<table>\n<tbody>\n<tr style=\"border-style: hidden;\">\n<td style=\"width: 40%;background-color: #d4e6d3; height: 18px; border-style: hidden;\" scope=\"row\">&nbsp;<\/td>\n<td style=\"width: 60%; height: 18px; border-style: hidden; vertical-align: top; background-color: #ededed;\" scope=\"row\"><strong>Ejere.<\/strong><\/td>\n<\/tr>\n<tr style=\"border-style: hidden;\">\n<td style=\"width: 40%;background-color: #d4e6d3; height: 233px; border-style: hidden;\" rowspan=\"4\" scope=\"row\"><img decoding=\"async\" class=\"ngg-singlepic ngg-none aligncenter\" src=\"https:\/\/bryg.2th.dk\/wp-content\/gallery\/bryggeri-logoer\/intet_logo.jpg\" alt=\"\" width=\"85%\" height=\"200\"><\/td>\n<td style=\"vertical-align: top; width: 60%; border-color: #000000; height: 179px; border-style: hidden; background-color: #ededed;\" scope=\"row\">Torsten Reffstrup 2006-2007<\/td>\n<\/tr>\n<tr style=\"border-style: hidden;\">\n<td style=\"vertical-align: top; width: 60%; border-color: #000000; height: 18px; border-style: hidden; background-color: #ededed;\"><strong>Links. <\/strong>Nej<\/td>\n<\/tr>\n<tr style=\"border-style: hidden;\">\n<td style=\"vertical-align: top; width: 60%; border-color: #000000; height: 18px; border-style: hidden; background-color: #ededed;\" scope=\"row\"><strong>Kendte adresser.<\/strong><\/td>\n<\/tr>\n<tr style=\"border-style: hidden;\">\n<td style=\"vertical-align: top; width: 60%; border-color: #000000; height: 18px; border-style: hidden; background-color: #ededed;\">Gyndbjerg 23, 6091 Bjert<\/td>\n<\/tr>\n<\/tbody>\n<\/table>\n<hr>\n<p><strong>HISTORIEN.<\/strong><\/p>\n<p style=\"text-align: justify;\">I 2004 startede fors\u00f8gene med at formere den gode moderplante ved stiklinger og tankerne om at etablere egen humlehave blev til virkelighed. I efter\u00e5ret 2004 blev der plantet 35 humleranker. Atter 30 humleplanter kom til fra 2005 og i 2006 plantes 70 \u2013 80 nye planter i humlehaven.<\/p>\n<p style=\"text-align: justify;\">P\u00e5 samme tid f\u00f8dtes den tanke at denne enest\u00e5ende humleplante med tiden skulle deles med flere mennesker i form af unikt godt \u00f8l. Derfor brygger BRYGMAND fra 2006 sit \u00f8l p\u00e5 Sdr. Bjert Kro hvor alle som s\u00e6tter pris p\u00e5 godt og sundt h\u00e5ndbrygget \u00f8l fremstillet med k\u00e6rlighed i en naturlig proces kan stifte bekendtskab med \u00f8llet.<\/p>\n<p style=\"text-align: justify;\">I sommeren 2007 blev Brygmand ansat p\u00e5 Jelling Bryghus og brygger der h\u00e5ndbrygget \u00f8l og &#8220;Verdensarv p\u00e5 Flaske&#8221;. Fra efter\u00e5ret 2009 slog faciliteterne p\u00e5 Sdr. Bjert Kro ikke l\u00e6ngere til og nu brygges det meste Bjert Bryg p\u00e5 Jelling Bryghus.<\/p>\n<hr>\n<p><strong>ETIKETTERNE.<\/strong><\/p>\n<p>Der er ikke nogen informationer til dette punkt endnu.<\/p>\n<hr>\n<p><strong>ARTIKLER.<\/strong><\/p>\n<p>Der er ikke nogen informationer til dette punkt endnu.<\/p>\n<hr>\n<p><strong>ANDET.<\/strong><\/p>\n<p>Der er ikke nogen informationer til dette punkt endnu.<\/p>\n<hr>\n<p><strong>LITTERATUR.<\/strong><\/p>\n<p>Der er ikke nogen informationer til dette punkt endnu.<\/p>\n<hr>\n<p><strong>REKLAMER &#8211; HERUNDER REKLAME FILM.<\/strong><\/p>\n<p>Der er ikke nogen informationer til dette punkt endnu.<\/p>\n","protected":false},"excerpt":{"rendered":"<p>Bryggeriet Brygmand, 2006-2007 KORT INFO OM BRYGGERIET\/FABRIKKEN. &nbsp; Ejere. Torsten Reffstrup 2006-2007 Links. Nej Kendte adresser. Gyndbjerg 23, 6091 Bjert HISTORIEN. I 2004 startede fors\u00f8gene med at formere den gode moderplante ved stiklinger og tankerne om at etablere egen humlehave blev til virkelighed. I efter\u00e5ret 2004 blev der plantet 35 humleranker. Atter 30 humleplanter kom &hellip; <a href=\"https:\/\/bryg.2th.dk\/?page_id=5844\" class=\"more-link\">L\u00e6s videre <span class=\"screen-reader-text\">Bryggeriet Brygmand<\/span> <span class=\"meta-nav\">&rarr;<\/span><\/a><\/p>\n","protected":false},"author":2,"featured_media":0,"parent":1112,"menu_order":0,"comment_status":"closed","ping_status":"closed","template":"","meta":{"ngg_post_thumbnail":0,"footnotes":""},"categories":[187,53],"tags":[96],"class_list":["post-5844","page","type-page","status-publish","hentry","category-6000b","category-danske-bryggerier-danske-bryggerier","tag-dk_bryg"],"_links":{"self":[{"href":"https:\/\/bryg.2th.dk\/index.php?rest_route=\/wp\/v2\/pages\/5844","targetHints":{"allow":["GET"]}}],"collection":[{"href":"https:\/\/bryg.2th.dk\/index.php?rest_route=\/wp\/v2\/pages"}],"about":[{"href":"https:\/\/bryg.2th.dk\/index.php?rest_route=\/wp\/v2\/types\/page"}],"author":[{"embeddable":true,"href":"https:\/\/bryg.2th.dk\/index.php?rest_route=\/wp\/v2\/users\/2"}],"replies":[{"embeddable":true,"href":"https:\/\/bryg.2th.dk\/index.php?rest_route=%2Fwp%2Fv2%2Fcomments&post=5844"}],"version-history":[{"count":0,"href":"https:\/\/bryg.2th.dk\/index.php?rest_route=\/wp\/v2\/pages\/5844\/revisions"}],"up":[{"embeddable":true,"href":"https:\/\/bryg.2th.dk\/index.php?rest_route=\/wp\/v2\/pages\/1112"}],"wp:attachment":[{"href":"https:\/\/bryg.2th.dk\/index.php?rest_route=%2Fwp%2Fv2%2Fmedia&parent=5844"}],"wp:term":[{"taxonomy":"category","embeddable":true,"href":"https:\/\/bryg.2th.dk\/index.php?rest_route=%2Fwp%2Fv2%2Fcategories&post=5844"},{"taxonomy":"post_tag","embeddable":true,"href":"https:\/\/bryg.2th.dk\/index.php?rest_route=%2Fwp%2Fv2%2Ftags&post=5844"}],"curies":[{"name":"wp","href":"https:\/\/api.w.org\/{rel}","templated":true}]}}