{"id":23947,"date":"2019-06-20T21:53:27","date_gmt":"2019-06-20T19:53:27","guid":{"rendered":"https:\/\/bryg.2th.dk\/?page_id=23947"},"modified":"2025-03-03T16:10:47","modified_gmt":"2025-03-03T15:10:47","slug":"bryggerigaarden-a-s","status":"publish","type":"page","link":"https:\/\/bryg.2th.dk\/?page_id=23947","title":{"rendered":"Bryggerigaarden A\/S"},"content":{"rendered":"<h3>Bryggerigaarden A\/S,&nbsp; (2006)-?<\/h3>\n<hr>\n<p><strong>KORT INFO OM BRYGGERIET\/FABRIKKEN.<\/strong><\/p>\n<table>\n<tbody>\n<tr style=\"border-style: hidden;\">\n<td style=\"width: 40%;background-color: #d4e6d3; height: 18px; border-style: hidden;\" scope=\"row\">&nbsp;<\/td>\n<td style=\"width: 60%; height: 18px; border-style: hidden; vertical-align: top; background-color: #ededed;\" scope=\"row\"><strong>Ejere.<\/strong><\/td>\n<\/tr>\n<tr style=\"border-style: hidden;\">\n<td style=\"width: 40%;background-color: #d4e6d3; height: 233px; border-style: hidden;\" rowspan=\"4\" scope=\"row\"><img decoding=\"async\" class=\"ngg-singlepic ngg-none aligncenter\" src=\"https:\/\/bryg.2th.dk\/wp-content\/gallery\/bryggeri-logoer\/intet_logo.jpg\" alt=\"\" width=\"85%\" height=\"200\"><\/td>\n<td style=\"vertical-align: top; width: 60%; border-color: #000000; height: 179px; border-style: hidden; background-color: #ededed;\" scope=\"row\">&#8211;<\/td>\n<\/tr>\n<tr style=\"border-style: hidden;\">\n<td style=\"vertical-align: top; width: 60%; border-color: #000000; height: 18px; border-style: hidden; background-color: #ededed;\"><strong>Links. <\/strong>Nej<\/td>\n<\/tr>\n<tr style=\"border-style: hidden;\">\n<td style=\"vertical-align: top; width: 60%; border-color: #000000; height: 18px; border-style: hidden; background-color: #ededed;\" scope=\"row\"><strong>Kendte adresser.<\/strong><\/td>\n<\/tr>\n<tr style=\"border-style: hidden;\">\n<td style=\"vertical-align: top; width: 60%; border-color: #000000; height: 18px; border-style: hidden; background-color: #ededed;\"><span class=\"LrzXr\">Damhaven 5D, 7100 Vejle<\/span><\/td>\n<\/tr>\n<\/tbody>\n<\/table>\n<hr>\n<p><strong>HISTORIEN.<\/strong><\/p>\n<p style=\"text-align: justify;\">Bryggerig\u00e5rden lyder dansk og dejligt, men det er ikke helt rigtigt som det lyder. Bryggerig\u00e5rden har bl.a. denne \u00f8l Sorte Nat Schwarzbier som produceres p\u00e5 Privatbrauerei Eichbaum i den tyske by Mannheim. Og s\u00e5 deler bryggeriet lokaler med Vejle Bryghus.<\/p>\n<hr>\n<p><strong>ETIKETTERNE.<\/strong><\/p>\n<p>Der er ikke nogen informationer til dette punkt endnu.<\/p>\n<hr>\n<p><strong>ARTIKLER.<\/strong><\/p>\n<p>Der er ikke nogen informationer til dette punkt endnu.<\/p>\n<hr>\n<p><strong>ANDET.<\/strong><\/p>\n<p>Der er ikke nogen informationer til dette punkt endnu.<\/p>\n<hr>\n<p><strong>LITTERATUR.<\/strong><\/p>\n<p>Der er ikke nogen informationer til dette punkt endnu.<\/p>\n<hr>\n<p><strong>REKLAMER &#8211; HERUNDER REKLAME FILM.<\/strong><\/p>\n<p>Der er ikke nogen informationer til dette punkt endnu.<\/p>\n","protected":false},"excerpt":{"rendered":"<p>Bryggerigaarden A\/S,&nbsp; (2006)-? KORT INFO OM BRYGGERIET\/FABRIKKEN. &nbsp; Ejere. &#8211; Links. Nej Kendte adresser. Damhaven 5D, 7100 Vejle HISTORIEN. Bryggerig\u00e5rden lyder dansk og dejligt, men det er ikke helt rigtigt som det lyder. Bryggerig\u00e5rden har bl.a. denne \u00f8l Sorte Nat Schwarzbier som produceres p\u00e5 Privatbrauerei Eichbaum i den tyske by Mannheim. Og s\u00e5 deler bryggeriet &hellip; <a href=\"https:\/\/bryg.2th.dk\/?page_id=23947\" class=\"more-link\">L\u00e6s videre <span class=\"screen-reader-text\">Bryggerigaarden A\/S<\/span> <span class=\"meta-nav\">&rarr;<\/span><\/a><\/p>\n","protected":false},"author":2,"featured_media":0,"parent":1112,"menu_order":0,"comment_status":"closed","ping_status":"closed","template":"","meta":{"ngg_post_thumbnail":0,"footnotes":""},"categories":[191,53],"tags":[96],"class_list":["post-23947","page","type-page","status-publish","hentry","category-7100b","category-danske-bryggerier-danske-bryggerier","tag-dk_bryg"],"_links":{"self":[{"href":"https:\/\/bryg.2th.dk\/index.php?rest_route=\/wp\/v2\/pages\/23947","targetHints":{"allow":["GET"]}}],"collection":[{"href":"https:\/\/bryg.2th.dk\/index.php?rest_route=\/wp\/v2\/pages"}],"about":[{"href":"https:\/\/bryg.2th.dk\/index.php?rest_route=\/wp\/v2\/types\/page"}],"author":[{"embeddable":true,"href":"https:\/\/bryg.2th.dk\/index.php?rest_route=\/wp\/v2\/users\/2"}],"replies":[{"embeddable":true,"href":"https:\/\/bryg.2th.dk\/index.php?rest_route=%2Fwp%2Fv2%2Fcomments&post=23947"}],"version-history":[{"count":0,"href":"https:\/\/bryg.2th.dk\/index.php?rest_route=\/wp\/v2\/pages\/23947\/revisions"}],"up":[{"embeddable":true,"href":"https:\/\/bryg.2th.dk\/index.php?rest_route=\/wp\/v2\/pages\/1112"}],"wp:attachment":[{"href":"https:\/\/bryg.2th.dk\/index.php?rest_route=%2Fwp%2Fv2%2Fmedia&parent=23947"}],"wp:term":[{"taxonomy":"category","embeddable":true,"href":"https:\/\/bryg.2th.dk\/index.php?rest_route=%2Fwp%2Fv2%2Fcategories&post=23947"},{"taxonomy":"post_tag","embeddable":true,"href":"https:\/\/bryg.2th.dk\/index.php?rest_route=%2Fwp%2Fv2%2Ftags&post=23947"}],"curies":[{"name":"wp","href":"https:\/\/api.w.org\/{rel}","templated":true}]}}

<h3>Bryggerigaarden A/S,&nbsp; (2006)-?</h3>
<hr>
<p><strong>KORT INFO OM BRYGGERIET/FABRIKKEN.</strong></p>
<table>
<tbody>
<tr style="border-style: hidden;">
<td style="width: 40%;background-color: #d4e6d3; height: 18px; border-style: hidden;" scope="row">&nbsp;</td>
<td style="width: 60%; height: 18px; border-style: hidden; vertical-align: top; background-color: #ededed;" scope="row"><strong>Ejere.</strong></td>
</tr>
<tr style="border-style: hidden;">
<td style="width: 40%;background-color: #d4e6d3; height: 233px; border-style: hidden;" rowspan="4" scope="row"><img decoding="async" class="ngg-singlepic ngg-none aligncenter" src="https://bryg.2th.dk/wp-content/gallery/bryggeri-logoer/intet_logo.jpg" alt="" width="85%" height="200"></td>
<td style="vertical-align: top; width: 60%; border-color: #000000; height: 179px; border-style: hidden; background-color: #ededed;" scope="row">&#8211;</td>
</tr>
<tr style="border-style: hidden;">
<td style="vertical-align: top; width: 60%; border-color: #000000; height: 18px; border-style: hidden; background-color: #ededed;"><strong>Links. </strong>Nej</td>
</tr>
<tr style="border-style: hidden;">
<td style="vertical-align: top; width: 60%; border-color: #000000; height: 18px; border-style: hidden; background-color: #ededed;" scope="row"><strong>Kendte adresser.</strong></td>
</tr>
<tr style="border-style: hidden;">
<td style="vertical-align: top; width: 60%; border-color: #000000; height: 18px; border-style: hidden; background-color: #ededed;"><span class="LrzXr">Damhaven 5D, 7100 Vejle</span></td>
</tr>
</tbody>
</table>
<hr>
<p><strong>HISTORIEN.</strong></p>
<p style="text-align: justify;">Bryggerigården lyder dansk og dejligt, men det er ikke helt rigtigt som det lyder. Bryggerigården har bl.a. denne øl Sorte Nat Schwarzbier som produceres på Privatbrauerei Eichbaum i den tyske by Mannheim. Og så deler bryggeriet lokaler med Vejle Bryghus.</p>
<hr>
<p><strong>ETIKETTERNE.</strong></p>
<p>Der er ikke nogen informationer til dette punkt endnu.</p>
<hr>
<p><strong>ARTIKLER.</strong></p>
<p>Der er ikke nogen informationer til dette punkt endnu.</p>
<hr>
<p><strong>ANDET.</strong></p>
<p>Der er ikke nogen informationer til dette punkt endnu.</p>
<hr>
<p><strong>LITTERATUR.</strong></p>
<p>Der er ikke nogen informationer til dette punkt endnu.</p>
<hr>
<p><strong>REKLAMER &#8211; HERUNDER REKLAME FILM.</strong></p>
<p>Der er ikke nogen informationer til dette punkt endnu.</p>

<p>Bryggerigaarden A/S,&nbsp; (2006)-? KORT INFO OM BRYGGERIET/FABRIKKEN. &nbsp; Ejere. &#8211; Links. Nej Kendte adresser. Damhaven 5D, 7100 Vejle HISTORIEN. Bryggerigården lyder dansk og dejligt, men det er ikke helt rigtigt som det lyder. Bryggerigården har bl.a. denne øl Sorte Nat Schwarzbier som produceres på Privatbrauerei Eichbaum i den tyske by Mannheim. Og så deler bryggeriet &hellip; <a href="https://bryg.2th.dk/?page_id=23947" class="more-link">Læs videre <span class="screen-reader-text">Bryggerigaarden A/S</span> <span class="meta-nav">&rarr;</span></a></p>
