{"id":20142,"date":"2016-09-17T13:20:23","date_gmt":"2016-09-17T11:20:23","guid":{"rendered":"https:\/\/bryg.2th.dk\/?page_id=20142"},"modified":"2025-04-09T22:21:00","modified_gmt":"2025-04-09T20:21:00","slug":"cookie-og-personoplysningspolitik","status":"publish","type":"page","link":"https:\/\/bryg.2th.dk\/?page_id=20142","title":{"rendered":"Cookie- og personoplysningspolitik"},"content":{"rendered":"<h3>Ved at benytte denne hjemmeside, s\u00e5 accepterer du cookie- og personoplysningspolitikken som n\u00e6vnt herunder.<\/h3>\n<hr>\n<p>&nbsp;Denne hjemmeside bruger, som mange andre, cookies.&nbsp;Cookies s\u00f8rger for, at vi kan levere en bedre brugeroplevelse i hjemmesidens funktioner. Mange funktioner p\u00e5 hjemmesiden afh\u00e6nger af brug og lagring af cookies, og du kan derfor ikke forvente at hjemmesiden fungerer efter hensigten, hvis du deaktiverer cookies.<\/p>\n<p style=\"text-align: justify;\">F\u00f8lgende information-, cookie- og personoplysningspolitik er udarbejdet efter&nbsp;Erhvervs- og V\u00e6kstministeriets vejledning fra april 2013. Bekendtg\u00f8relsen stiller krav om, at der skal indhentes et informeret samtykke fra brugeren, n\u00e5r hjemmesider \u00f8nsker at lagre cookies p\u00e5 brugerens it-udstyr.<br \/>\n<a href=\"https:\/\/www.retsinformation.dk\/forms\/r0710.aspx?id=139279\" target=\"_blank\" rel=\"noopener noreferrer\">https:\/\/erhvervsstyrelsen.dk\/sites\/default\/files\/vejledning-cookiebekendtgorelse.pdf<\/a><\/p>\n<p style=\"text-align: justify;\">En cookie er en fil, som browseren l\u00e6gger p\u00e5 din computer. Den g\u00f8r det muligt at genkende din computer, og huske valg du tidligere har truffet p\u00e5 hjemmesiden. Eks. sprogvalg. En cookie kan ikke sprede computervirus eller andre skadelige programmer. Cookies sletter sig selv efter et vist antal m\u00e5neder (kan variere), men de fornyes efter hvert bes\u00f8g. Cookien kan ikke se, hvem du er, hvad du hedder, hvor du bor eller om computeren bruges af en eller flere personer. Hvis du giver personlige oplysninger til en hjemmeside, s\u00e5 kan en cookie dog anvendes til at huske dig til n\u00e6ste gang du bes\u00f8ger hjemmesiden.<\/p>\n<p style=\"text-align: justify;\"><strong>N\u00e5r du bes\u00f8ger hjemmesiden er du helt anonym!<\/strong><strong><br \/>\n<\/strong>Det betyder, at vi hverken kan eller vil indsamle eller registrere oplysninger om dig automatisk, som efterf\u00f8lgende kan bruges til at identificere dig med.<\/p>\n","protected":false},"excerpt":{"rendered":"<p>Ved at benytte denne hjemmeside, s\u00e5 accepterer du cookie- og personoplysningspolitikken som n\u00e6vnt herunder. &nbsp;Denne hjemmeside bruger, som mange andre, cookies.&nbsp;Cookies s\u00f8rger for, at vi kan levere en bedre brugeroplevelse i hjemmesidens funktioner. Mange funktioner p\u00e5 hjemmesiden afh\u00e6nger af brug og lagring af cookies, og du kan derfor ikke forvente at hjemmesiden fungerer efter hensigten, &hellip; <a href=\"https:\/\/bryg.2th.dk\/?page_id=20142\" class=\"more-link\">L\u00e6s videre <span class=\"screen-reader-text\">Cookie- og personoplysningspolitik<\/span> <span class=\"meta-nav\">&rarr;<\/span><\/a><\/p>\n","protected":false},"author":2,"featured_media":0,"parent":0,"menu_order":0,"comment_status":"closed","ping_status":"closed","template":"","meta":{"ngg_post_thumbnail":0,"footnotes":""},"categories":[],"tags":[],"class_list":["post-20142","page","type-page","status-publish","hentry"],"_links":{"self":[{"href":"https:\/\/bryg.2th.dk\/index.php?rest_route=\/wp\/v2\/pages\/20142","targetHints":{"allow":["GET"]}}],"collection":[{"href":"https:\/\/bryg.2th.dk\/index.php?rest_route=\/wp\/v2\/pages"}],"about":[{"href":"https:\/\/bryg.2th.dk\/index.php?rest_route=\/wp\/v2\/types\/page"}],"author":[{"embeddable":true,"href":"https:\/\/bryg.2th.dk\/index.php?rest_route=\/wp\/v2\/users\/2"}],"replies":[{"embeddable":true,"href":"https:\/\/bryg.2th.dk\/index.php?rest_route=%2Fwp%2Fv2%2Fcomments&post=20142"}],"version-history":[{"count":0,"href":"https:\/\/bryg.2th.dk\/index.php?rest_route=\/wp\/v2\/pages\/20142\/revisions"}],"wp:attachment":[{"href":"https:\/\/bryg.2th.dk\/index.php?rest_route=%2Fwp%2Fv2%2Fmedia&parent=20142"}],"wp:term":[{"taxonomy":"category","embeddable":true,"href":"https:\/\/bryg.2th.dk\/index.php?rest_route=%2Fwp%2Fv2%2Fcategories&post=20142"},{"taxonomy":"post_tag","embeddable":true,"href":"https:\/\/bryg.2th.dk\/index.php?rest_route=%2Fwp%2Fv2%2Ftags&post=20142"}],"curies":[{"name":"wp","href":"https:\/\/api.w.org\/{rel}","templated":true}]}}