{"id":19,"date":"2015-03-17T19:36:49","date_gmt":"2015-03-17T18:36:49","guid":{"rendered":"https:\/\/brygny.2th.dk\/?page_id=19"},"modified":"2025-03-12T18:52:44","modified_gmt":"2025-03-12T17:52:44","slug":"albani-bryggerierne","status":"publish","type":"page","link":"https:\/\/bryg.2th.dk\/?page_id=19","title":{"rendered":"Albani Bryggerierne A\/S"},"content":{"rendered":"<h3><strong>Albani Bryggerierne A\/S, 1859 &#8211; ?<\/strong><\/h3>\n<hr>\n<p><strong>KORT INFO OM BRYGGERIET\/FABRIKKEN.<\/strong><\/p>\n<table>\n<tbody>\n<tr style=\"border-style: hidden;\">\n<td style=\"width: 40%;background-color: #d4e6d3; height: 18px; border-style: hidden;\" scope=\"row\">&nbsp;<\/td>\n<td style=\"width: 60%; height: 18px; border-style: hidden; vertical-align: top; background-color: #ededed;\" scope=\"row\"><strong>Ejere.<\/strong><\/td>\n<\/tr>\n<tr style=\"border-style: hidden;\">\n<td style=\"width: 40%;background-color: #d4e6d3; height: 233px; border-style: hidden;\" rowspan=\"4\" scope=\"row\"><img decoding=\"async\" class=\"ngg-singlepic ngg-none aligncenter\" src=\"https:\/\/bryg.2th.dk\/wp-content\/gallery\/bryggeri-logoer\/albani_logo.jpg\" alt=\"\" width=\"85%\" height=\"200\"><\/td>\n<td style=\"vertical-align: top; width: 60%; border-color: #000000; height: 179px; border-style: hidden; background-color: #ededed;\" scope=\"row\">Se beskrivelsen herunder.<\/td>\n<\/tr>\n<tr style=\"border-style: hidden;\">\n<td style=\"vertical-align: top; width: 60%; border-color: #000000; height: 18px; border-style: hidden; background-color: #ededed;\"><strong>Links. <\/strong><a href=\"https:\/\/albani.dk\/\" target=\"_blank\" rel=\"noopener noreferrer\">Ja<\/a><\/td>\n<\/tr>\n<tr style=\"border-style: hidden;\">\n<td style=\"vertical-align: top; width: 60%; border-color: #000000; height: 18px; border-style: hidden; background-color: #ededed;\" scope=\"row\"><strong>Kendte adresser.<\/strong><\/td>\n<\/tr>\n<tr style=\"border-style: hidden;\">\n<td style=\"vertical-align: top; width: 60%; border-color: #000000; height: 18px; border-style: hidden; background-color: #ededed;\">Tv\u00e6rgade 2 5000 Odense C.<\/td>\n<\/tr>\n<\/tbody>\n<\/table>\n<hr>\n<p><strong>HISTORIEN.<\/strong><\/p>\n<p style=\"text-align: justify;\">Albani startede 2 april 1859 af Edvard F. Estmann og Johan F. Rasmussen, men selve bryggeriets grundl\u00e6ggelse skete den 7. november samme \u00e5r. Der gik dog ikke mange \u00e5r f\u00f8r at bryggeriet blev omdannet til et aktieselskab og det skete s\u00e5 i 1868. I tidens l\u00f8b har Albani opk\u00f8bt mange sm\u00e5 fynske bryggerier hvor bl.a kan n\u00e6vnes: Slotsbryggeriet i 1905, Bogense bryggeri i 1923 hvor man s\u00e5 lukkede det i 1968, og Svendborg Bryghus overtog man i 1967 som s\u00e5 lukkede omkring 1989. Grunden var nok den \u00f8gede konkurence fra de andre store bryggerier i Danmark. Det ses tydeligt i 1990&#8217;erne hvor Albani i Odense opk\u00f8bte Slotsm\u00f8llen i Kolding, Baldur i Esbjerg og Maribo Bryghus, som var det sidste man opk\u00f8bte i maj m\u00e5ned 1997.<\/p>\n<p style=\"text-align: justify;\">I 1998 lavede man store \u00e6ndringer i processen, Slotsm\u00f8llen blev nedlagt, sk\u00f8nt den gav overskud. Produktionen blev flyttet til Baldur og Albani og Mineralvandsproduktionen til Baldur. Baldur skulle s\u00e5 producere de billige m\u00e6rker, mens Albani og Maribo skulle producere m\u00e6rkevarer. Albani har desuden f\u00e5et retten til at tappe Jolly Cola og Sunkist. I 1999 blev s\u00e5 Baldur Bryggerierne i Esbjerg solgt til Carlsberg, da regnskabet i dette regnskabs\u00e5r viste et underskud, s\u00e5 man var n\u00f8d til at oml\u00e6gge endnu en gang. Det bet\u00f8d ogs\u00e5 at produktionen af de billige sodavand fulgte med til Carlsberg.<\/p>\n<p style=\"text-align: justify;\">Den 4 marts 1998 gik den s\u00e5 ikke l\u00e6ngere som selvst\u00e6ndigt bryggeri og m\u00e5tte se sig om efter en ny samarbejdspartner, Carlsberg var der med det samme og Bryggerigruppen melde sig t\u00f8vende til kort efter. Det hele endte med at Albani gik til Bryggerigruppen som bestod&nbsp;af Faxe, Ceres og Thor.<\/p>\n<p style=\"text-align: justify;\">I 2005 skiftede Bryggerigruppen s\u00e5 navn til det vi kender i dag, Unibrew.<\/p>\n<hr>\n<p><strong>ETIKETTERNE.<\/strong><\/p>\nngg_shortcode_0_placeholder\n<hr>\n<p><strong>ARTIKLER.<\/strong><\/p>\n<ul class=\"display-posts-listing\"><li class=\"listing-item\"><a class=\"title\" href=\"https:\/\/bryg.2th.dk\/?p=1753\">Egeskov markedet 2004 &#8211; Slut med etiketterne.<\/a><\/li><li class=\"listing-item\"><a class=\"title\" href=\"https:\/\/bryg.2th.dk\/?p=1721\">Ceres Royal bliver fynsk<\/a><\/li><\/ul>\n<hr>\n<p><strong>ANDET.<\/strong><\/p>\n<p>Der er ikke nogen informationer til dette punkt endnu.<\/p>\n<hr>\n<p><strong>LITTERATUR.<\/strong><\/p>\n<p>Altid p\u00e5 vej&#8230;, Albani Bryggeriets historie<br \/>\nAf: Per Boje &amp; Hans Chr. Johansen,<br \/>\nUdgivet af: Odense Universitetsforlag, 1989.<\/p>\n<hr>\n<p><strong>REKLAMER &#8211; HERUNDER REKLAME FILM.<\/strong><\/p>\n<p>Der er ikke nogen informationer til dette punkt endnu.<\/p>\n","protected":false},"excerpt":{"rendered":"<p>Albani Bryggerierne A\/S, 1859 &#8211; ? KORT INFO OM BRYGGERIET\/FABRIKKEN. &nbsp; Ejere. Se beskrivelsen herunder. Links. Ja Kendte adresser. Tv\u00e6rgade 2 5000 Odense C. HISTORIEN. Albani startede 2 april 1859 af Edvard F. Estmann og Johan F. Rasmussen, men selve bryggeriets grundl\u00e6ggelse skete den 7. november samme \u00e5r. Der gik dog ikke mange \u00e5r f\u00f8r &hellip; <a href=\"https:\/\/bryg.2th.dk\/?p=1721\" class=\"more-link\">L\u00e6s videre <span class=\"screen-reader-text\">Ceres Royal bliver fynsk<\/span> <span class=\"meta-nav\">&rarr;<\/span><\/a><\/p>\n","protected":false},"author":2,"featured_media":0,"parent":21,"menu_order":100,"comment_status":"closed","ping_status":"closed","template":"","meta":{"ngg_post_thumbnail":0,"footnotes":""},"categories":[139,53],"tags":[96],"class_list":["post-19","page","type-page","status-publish","hentry","category-5000b","category-danske-bryggerier-danske-bryggerier","tag-dk_bryg"],"_links":{"self":[{"href":"https:\/\/bryg.2th.dk\/index.php?rest_route=\/wp\/v2\/pages\/19","targetHints":{"allow":["GET"]}}],"collection":[{"href":"https:\/\/bryg.2th.dk\/index.php?rest_route=\/wp\/v2\/pages"}],"about":[{"href":"https:\/\/bryg.2th.dk\/index.php?rest_route=\/wp\/v2\/types\/page"}],"author":[{"embeddable":true,"href":"https:\/\/bryg.2th.dk\/index.php?rest_route=\/wp\/v2\/users\/2"}],"replies":[{"embeddable":true,"href":"https:\/\/bryg.2th.dk\/index.php?rest_route=%2Fwp%2Fv2%2Fcomments&post=19"}],"version-history":[{"count":0,"href":"https:\/\/bryg.2th.dk\/index.php?rest_route=\/wp\/v2\/pages\/19\/revisions"}],"up":[{"embeddable":true,"href":"https:\/\/bryg.2th.dk\/index.php?rest_route=\/wp\/v2\/pages\/21"}],"wp:attachment":[{"href":"https:\/\/bryg.2th.dk\/index.php?rest_route=%2Fwp%2Fv2%2Fmedia&parent=19"}],"wp:term":[{"taxonomy":"category","embeddable":true,"href":"https:\/\/bryg.2th.dk\/index.php?rest_route=%2Fwp%2Fv2%2Fcategories&post=19"},{"taxonomy":"post_tag","embeddable":true,"href":"https:\/\/bryg.2th.dk\/index.php?rest_route=%2Fwp%2Fv2%2Ftags&post=19"}],"curies":[{"name":"wp","href":"https:\/\/api.w.org\/{rel}","templated":true}]}}