{"id":11937,"date":"2015-05-01T09:39:01","date_gmt":"2015-05-01T07:39:01","guid":{"rendered":"https:\/\/brygny.2th.dk\/?page_id=11937"},"modified":"2025-03-12T19:22:22","modified_gmt":"2025-03-12T18:22:22","slug":"amager-bryghus1","status":"publish","type":"page","link":"https:\/\/bryg.2th.dk\/?page_id=11937","title":{"rendered":"Amager Bryghus"},"content":{"rendered":"<h3>Amager Bryghus, 1906-1913<\/h3>\n<hr>\n<p><strong>KORT INFO OM BRYGGERIET\/FABRIKKEN.<\/strong><\/p>\n<table>\n<tbody>\n<tr style=\"border-style: hidden;\">\n<td style=\"width: 40%;background-color: #d4e6d3; height: 18px; border-style: hidden;\" scope=\"row\">&nbsp;<\/td>\n<td style=\"width: 60%; height: 18px; border-style: hidden; vertical-align: top; background-color: #ededed;\" scope=\"row\"><strong>Ejere.<\/strong><\/td>\n<\/tr>\n<tr style=\"border-style: hidden;\">\n<td style=\"width: 40%;background-color: #d4e6d3; height: 233px; border-style: hidden;\" rowspan=\"4\" scope=\"row\"><img decoding=\"async\" class=\"ngg-singlepic ngg-none aligncenter\" src=\"https:\/\/bryg.2th.dk\/wp-content\/gallery\/bryggeri-logoer\/intet_logo.jpg\" alt=\"\" width=\"85%\" height=\"200\"><\/td>\n<td style=\"vertical-align: top; width: 60%; border-color: #000000; height: 179px; border-style: hidden; background-color: #ededed;\" scope=\"row\">H. Helms 1906-1907<br \/>\nA\/S 1907-1909<br \/>\nT.C. Bayer 1909-1912<br \/>\nA\/S 1912-1913<\/td>\n<\/tr>\n<tr style=\"border-style: hidden;\">\n<td style=\"vertical-align: top; width: 60%; border-color: #000000; height: 18px; border-style: hidden; background-color: #ededed;\"><strong>Links. <\/strong>Nej<\/td>\n<\/tr>\n<tr style=\"border-style: hidden;\">\n<td style=\"vertical-align: top; width: 60%; border-color: #000000; height: 18px; border-style: hidden; background-color: #ededed;\" scope=\"row\"><strong>Kendte adresser.<\/strong><\/td>\n<\/tr>\n<tr style=\"border-style: hidden;\">\n<td style=\"vertical-align: top; width: 60%; border-color: #000000; height: 18px; border-style: hidden; background-color: #ededed;\">&#8211;<\/td>\n<\/tr>\n<\/tbody>\n<\/table>\n<hr>\n<p><strong>HISTORIEN.<\/strong><\/p>\n<p style=\"text-align: justify;\">P\u00e5 Kongovej i Sundby l\u00e5 fra 1905- 1913 et hvidt\u00f8lbryggeri med lidt tilknytning til T\u00e5rnby Kommune . I 1907 overgik bryggeriet til et aktieselskab &#8220;A\/S Amager Bryghus og M\u00f8lle&#8221;, idet Maglebylille M\u00f8lle og bageri som dengang var ejet af en murermester blev k\u00f8bt af det nye selskab. Bryggeren selv Holger Helms boede i Maglebylille. I Aktieselskabet var desuden bl.a. g\u00e5rdejer Sally fra Ullerup og C.P. Raagard fra T\u00e5rnby. Kornet til produktionen k\u00f8bte man p\u00e5 g\u00e5rdene p\u00e5 Amager. Amager Bryghus havde i \u00f8vrigt etiketter med b\u00f8rn i Amagerdragt.<\/p>\n<p style=\"text-align: justify;\">Kastrup Glasv\u00e6rk leverede flasker til ovenn\u00e6vnte bryggerier.<\/p>\n<hr>\n<p><strong>ETIKETTERNE.<\/strong><\/p>\nngg_shortcode_0_placeholder\n<hr>\n<p><strong>ARTIKLER.<\/strong><\/p>\n<p>Der er ikke nogen informationer til dette punkt endnu.<\/p>\n<hr>\n<p><strong>ANDET.<\/strong><\/p>\n<p>Der er ikke nogen informationer til dette punkt endnu.<\/p>\n<hr>\n<p><strong>LITTERATUR.<\/strong><\/p>\n<p>Der er ikke nogen informationer til dette punkt endnu.<\/p>\n<hr>\n<p><strong>REKLAMER &#8211; HERUNDER REKLAME FILM.<\/strong><\/p>\n<p>Der er ikke nogen informationer til dette punkt endnu.<\/p>\n","protected":false},"excerpt":{"rendered":"<p>Amager Bryghus, 1906-1913 KORT INFO OM BRYGGERIET\/FABRIKKEN. &nbsp; Ejere. H. Helms 1906-1907 A\/S 1907-1909 T.C. Bayer 1909-1912 A\/S 1912-1913 Links. Nej Kendte adresser. &#8211; HISTORIEN. P\u00e5 Kongovej i Sundby l\u00e5 fra 1905- 1913 et hvidt\u00f8lbryggeri med lidt tilknytning til T\u00e5rnby Kommune . I 1907 overgik bryggeriet til et aktieselskab &#8220;A\/S Amager Bryghus og M\u00f8lle&#8221;, idet &hellip; <a href=\"https:\/\/bryg.2th.dk\/?page_id=11937\" class=\"more-link\">L\u00e6s videre <span class=\"screen-reader-text\">Amager Bryghus<\/span> <span class=\"meta-nav\">&rarr;<\/span><\/a><\/p>\n","protected":false},"author":2,"featured_media":0,"parent":1108,"menu_order":0,"comment_status":"closed","ping_status":"closed","template":"","meta":{"ngg_post_thumbnail":0,"footnotes":""},"categories":[479,53],"tags":[96],"class_list":["post-11937","page","type-page","status-publish","hentry","category-2791b","category-danske-bryggerier-danske-bryggerier","tag-dk_bryg"],"_links":{"self":[{"href":"https:\/\/bryg.2th.dk\/index.php?rest_route=\/wp\/v2\/pages\/11937","targetHints":{"allow":["GET"]}}],"collection":[{"href":"https:\/\/bryg.2th.dk\/index.php?rest_route=\/wp\/v2\/pages"}],"about":[{"href":"https:\/\/bryg.2th.dk\/index.php?rest_route=\/wp\/v2\/types\/page"}],"author":[{"embeddable":true,"href":"https:\/\/bryg.2th.dk\/index.php?rest_route=\/wp\/v2\/users\/2"}],"replies":[{"embeddable":true,"href":"https:\/\/bryg.2th.dk\/index.php?rest_route=%2Fwp%2Fv2%2Fcomments&post=11937"}],"version-history":[{"count":0,"href":"https:\/\/bryg.2th.dk\/index.php?rest_route=\/wp\/v2\/pages\/11937\/revisions"}],"up":[{"embeddable":true,"href":"https:\/\/bryg.2th.dk\/index.php?rest_route=\/wp\/v2\/pages\/1108"}],"wp:attachment":[{"href":"https:\/\/bryg.2th.dk\/index.php?rest_route=%2Fwp%2Fv2%2Fmedia&parent=11937"}],"wp:term":[{"taxonomy":"category","embeddable":true,"href":"https:\/\/bryg.2th.dk\/index.php?rest_route=%2Fwp%2Fv2%2Fcategories&post=11937"},{"taxonomy":"post_tag","embeddable":true,"href":"https:\/\/bryg.2th.dk\/index.php?rest_route=%2Fwp%2Fv2%2Ftags&post=11937"}],"curies":[{"name":"wp","href":"https:\/\/api.w.org\/{rel}","templated":true}]}}