{"id":11332,"date":"2015-04-26T14:27:25","date_gmt":"2015-04-26T12:27:25","guid":{"rendered":"https:\/\/brygny.2th.dk\/?page_id=11332"},"modified":"2023-07-15T14:41:52","modified_gmt":"2023-07-15T12:41:52","slug":"1996-2","status":"publish","type":"page","link":"https:\/\/bryg.2th.dk\/?page_id=11332","title":{"rendered":"1996"},"content":{"rendered":"<h3 align=\"left\">De nye \u00f8l i 1996.<\/h3>\n<hr>\n<div align=\"left\">&nbsp;Her er oversigten over \u00f8l som er udkommet i 1996, dog med den begr\u00e6nsning at der er etiketter p\u00e5 disse \u00f8l og lejligheds etiketter er talt med her.<\/div>\n<div align=\"left\">&nbsp;<\/div>\n<div align=\"left\">\n<table id=\"tablepress-25\" class=\"tablepress tablepress-id-25\">\n<thead>\n<tr class=\"row-1\">\n\t<th class=\"column-1\">%<\/th><th class=\"column-2\">Navn<\/th><th class=\"column-3\">Beskrivelse<\/th><th class=\"column-4\">Bryggeri<\/th><th class=\"column-5\">Dato<\/th>\n<\/tr>\n<\/thead>\n<tbody class=\"row-striping row-hover\">\n<tr class=\"row-2\">\n\t<td class=\"column-1\"><\/td><td class=\"column-2\">Sommer i Tyrol, Nyborg Voldspil<\/td><td class=\"column-3\">Reklame etiket<\/td><td class=\"column-4\">Albani<\/td><td class=\"column-5\">25-06-1996<\/td>\n<\/tr>\n<tr class=\"row-3\">\n\t<td class=\"column-1\"><\/td><td class=\"column-2\">1. maj 1996<\/td><td class=\"column-3\">Reklame etiket<\/td><td class=\"column-4\">Albani<\/td><td class=\"column-5\">27-04-1996<\/td>\n<\/tr>\n<tr class=\"row-4\">\n\t<td class=\"column-1\"><\/td><td class=\"column-2\">Middelfart - Broernes By<\/td><td class=\"column-3\">Reklame etiket<\/td><td class=\"column-4\">Albani<\/td><td class=\"column-5\">24-03-1996<\/td>\n<\/tr>\n<tr class=\"row-5\">\n\t<td class=\"column-1\"><\/td><td class=\"column-2\">Dansk Kroferie<\/td><td class=\"column-3\">Reklame etiket<\/td><td class=\"column-4\">Albani<\/td><td class=\"column-5\">14-04-1996<\/td>\n<\/tr>\n<tr class=\"row-6\">\n\t<td class=\"column-1\"><\/td><td class=\"column-2\">Den Glade H\u00f8ker, INCO<\/td><td class=\"column-3\">Reklame etiket<\/td><td class=\"column-4\">Albani<\/td><td class=\"column-5\">01-05-1996<\/td>\n<\/tr>\n<tr class=\"row-7\">\n\t<td class=\"column-1\"><\/td><td class=\"column-2\">Egeskov Marked 1996<\/td><td class=\"column-3\">Reklame etiket<\/td><td class=\"column-4\">Albani<\/td><td class=\"column-5\">01-09-1996<\/td>\n<\/tr>\n<tr class=\"row-8\">\n\t<td class=\"column-1\"><\/td><td class=\"column-2\">Almenyttig Pilsner<\/td><td class=\"column-3\">Reklame etiket<\/td><td class=\"column-4\">Albani<\/td><td class=\"column-5\">03-03-1996<\/td>\n<\/tr>\n<tr class=\"row-9\">\n\t<td class=\"column-1\"><\/td><td class=\"column-2\">Stout<\/td><td class=\"column-3\">Ny \u00f8l<\/td><td class=\"column-4\">Carlsberg A\/S<\/td><td class=\"column-5\">09-04-1996<\/td>\n<\/tr>\n<tr class=\"row-10\">\n\t<td class=\"column-1\"><\/td><td class=\"column-2\">Old Bond<\/td><td class=\"column-3\">Ny \u00f8l<\/td><td class=\"column-4\">Carlsberg A\/S<\/td><td class=\"column-5\">01-03-1996<\/td>\n<\/tr>\n<tr class=\"row-11\">\n\t<td class=\"column-1\"><\/td><td class=\"column-2\">Ottilia<\/td><td class=\"column-3\">Ny \u00f8l<\/td><td class=\"column-4\">Carlsberg A\/S<\/td><td class=\"column-5\">01-03-1996<\/td>\n<\/tr>\n<tr class=\"row-12\">\n\t<td class=\"column-1\"><\/td><td class=\"column-2\">Red X<\/td><td class=\"column-3\">Ny \u00f8l<\/td><td class=\"column-4\">Carlsberg A\/S<\/td><td class=\"column-5\">01-03-1996<\/td>\n<\/tr>\n<tr class=\"row-13\">\n\t<td class=\"column-1\"><\/td><td class=\"column-2\">Master Brew<\/td><td class=\"column-3\">Ny \u00f8l<\/td><td class=\"column-4\">Carlsberg A\/S<\/td><td class=\"column-5\">04-05-1996<\/td>\n<\/tr>\n<tr class=\"row-14\">\n\t<td class=\"column-1\"><\/td><td class=\"column-2\">Super N<\/td><td class=\"column-3\">Ny \u00f8l<\/td><td class=\"column-4\">Harboe<\/td><td class=\"column-5\">11-10-1996<\/td>\n<\/tr>\n<tr class=\"row-15\">\n\t<td class=\"column-1\"><\/td><td class=\"column-2\">Super I<\/td><td class=\"column-3\">Ny \u00f8l<\/td><td class=\"column-4\">Harboe<\/td><td class=\"column-5\">11-10-1996<\/td>\n<\/tr>\n<tr class=\"row-16\">\n\t<td class=\"column-1\"><\/td><td class=\"column-2\">Netto 15 \u00c5r<\/td><td class=\"column-3\">Reklame etiket<\/td><td class=\"column-4\">Harboe<\/td><td class=\"column-5\">14-01-1996<\/td>\n<\/tr>\n<tr class=\"row-17\">\n\t<td class=\"column-1\"><\/td><td class=\"column-2\">Tequilla Beer<\/td><td class=\"column-3\">Ny \u00f8l <\/td><td class=\"column-4\">Maribo Bryghus<\/td><td class=\"column-5\">11-05-1996<\/td>\n<\/tr>\n<tr class=\"row-18\">\n\t<td class=\"column-1\"><\/td><td class=\"column-2\">Slots Guld<\/td><td class=\"column-3\">Ny \u00f8l<\/td><td class=\"column-4\">Slotsm\u00f8llen<\/td><td class=\"column-5\">01-04-1996<\/td>\n<\/tr>\n<tr class=\"row-19\">\n\t<td class=\"column-1\"><\/td><td class=\"column-2\">Julefnug<\/td><td class=\"column-3\">Ny \u00f8l<\/td><td class=\"column-4\">Thisted Bryghus<\/td><td class=\"column-5\">01-12-1996<\/td>\n<\/tr>\n<tr class=\"row-20\">\n\t<td class=\"column-1\"><\/td><td class=\"column-2\">Fort st\u00e6vne 07.09.96<\/td><td class=\"column-3\">Reklame etiket<\/td><td class=\"column-4\">Tuborg<\/td><td class=\"column-5\">07-09-1996<\/td>\n<\/tr>\n<tr class=\"row-21\">\n\t<td class=\"column-1\"><\/td><td class=\"column-2\">Friendship Danish Beer<\/td><td class=\"column-3\">Ny \u00f8l<\/td><td class=\"column-4\">Vestfyen<\/td><td class=\"column-5\">26-11-1996<\/td>\n<\/tr>\n<\/tbody>\n<\/table>\n<!-- #tablepress-25 from cache --><\/div>\n","protected":false},"excerpt":{"rendered":"<p>De nye \u00f8l i 1996. &nbsp;Her er oversigten over \u00f8l som er udkommet i 1996, dog med den begr\u00e6nsning at der er etiketter p\u00e5 disse \u00f8l og lejligheds etiketter er talt med her. &nbsp;<\/p>\n","protected":false},"author":2,"featured_media":0,"parent":11312,"menu_order":0,"comment_status":"closed","ping_status":"closed","template":"page-templates\/full-width.php","meta":{"ngg_post_thumbnail":0,"footnotes":""},"categories":[],"tags":[99],"class_list":["post-11332","page","type-page","status-publish","hentry","tag-nye_oel"],"_links":{"self":[{"href":"https:\/\/bryg.2th.dk\/index.php?rest_route=\/wp\/v2\/pages\/11332","targetHints":{"allow":["GET"]}}],"collection":[{"href":"https:\/\/bryg.2th.dk\/index.php?rest_route=\/wp\/v2\/pages"}],"about":[{"href":"https:\/\/bryg.2th.dk\/index.php?rest_route=\/wp\/v2\/types\/page"}],"author":[{"embeddable":true,"href":"https:\/\/bryg.2th.dk\/index.php?rest_route=\/wp\/v2\/users\/2"}],"replies":[{"embeddable":true,"href":"https:\/\/bryg.2th.dk\/index.php?rest_route=%2Fwp%2Fv2%2Fcomments&post=11332"}],"version-history":[{"count":0,"href":"https:\/\/bryg.2th.dk\/index.php?rest_route=\/wp\/v2\/pages\/11332\/revisions"}],"up":[{"embeddable":true,"href":"https:\/\/bryg.2th.dk\/index.php?rest_route=\/wp\/v2\/pages\/11312"}],"wp:attachment":[{"href":"https:\/\/bryg.2th.dk\/index.php?rest_route=%2Fwp%2Fv2%2Fmedia&parent=11332"}],"wp:term":[{"taxonomy":"category","embeddable":true,"href":"https:\/\/bryg.2th.dk\/index.php?rest_route=%2Fwp%2Fv2%2Fcategories&post=11332"},{"taxonomy":"post_tag","embeddable":true,"href":"https:\/\/bryg.2th.dk\/index.php?rest_route=%2Fwp%2Fv2%2Ftags&post=11332"}],"curies":[{"name":"wp","href":"https:\/\/api.w.org\/{rel}","templated":true}]}}