{"id":1093,"date":"2015-03-24T22:51:51","date_gmt":"2015-03-24T21:51:51","guid":{"rendered":"https:\/\/brygny.2th.dk\/?page_id=1093"},"modified":"2026-01-07T19:50:03","modified_gmt":"2026-01-07T18:50:03","slug":"samlerforeninger","status":"publish","type":"page","link":"https:\/\/bryg.2th.dk\/?page_id=1093","title":{"rendered":"Samlerforeninger og links"},"content":{"rendered":"<h3>Samlerforeninger og andre samlere.<\/h3>\n<hr>\n<p style=\"text-align: justify;\">Der findes samlerforeninger indenfor bryggeri souvenir effekter, som du kan se en liste herunder. Derudover ogs\u00e5 mulighed for at se andre samlere.<\/p>\n<p style=\"text-align: justify;\"><strong>Danske samlerforeninger:<\/strong><\/p>\n<table style=\"width: 100%; border-collapse: collapse; border-style: none; border-color: #ffffff; height: 1071px;\">\n<tbody>\n<tr style=\"height: 18px;\">\n<td style=\"width: 424.978%; vertical-align: top; border-style: hidden; height: 18px;\" colspan=\"2\"><strong>Samlerforeninger i Danmark:<\/strong><\/td>\n<\/tr>\n<tr style=\"height: 142px;\">\n<td style=\"width: 34.7492%; vertical-align: top; border-style: hidden; height: 142px;\"><a href=\"https:\/\/sbs-samler.dk\/\" target=\"_blank\" rel=\"noopener noreferrer\"><img loading=\"lazy\" decoding=\"async\" class=\"wp-image-5490 alignleft\" src=\"https:\/\/bryg.2th.dk\/wp-content\/uploads\/2015\/03\/logo9-300x281.gif\" alt=\"logo9\" width=\"137\" height=\"128\"><\/a><\/td>\n<td style=\"width: 390.228%; vertical-align: top; border-style: hidden; height: 142px;\">SBS (Skandinavisk Bryggerisouvernier<br \/>\n<strong>Fmd.: Kim Kjelstrup<br \/>\n<\/strong>N\u00f8ragersmindevej 54<br \/>\n2791 Drag\u00f8r<br \/>\nTlf.: 29 26 92 08<br \/>\nE-mail: formand@sbs-samler.dk<\/td>\n<\/tr>\n<tr style=\"height: 151px;\">\n<td style=\"width: 34.7492%; vertical-align: top; border-style: hidden; height: 151px;\"><a href=\"https:\/\/www.samlerringen.dk\/\" target=\"_blank\" rel=\"noopener noreferrer\"><img loading=\"lazy\" decoding=\"async\" class=\"wp-image-12348 size-full alignleft\" src=\"https:\/\/bryg.2th.dk\/wp-content\/uploads\/2015\/03\/S_hvid_logo.jpg\" alt=\"S_hvid_logo\" width=\"137\" height=\"137\"><\/a><\/td>\n<td style=\"width: 390.228%; vertical-align: top; border-style: hidden; height: 151px;\">Samlerforeningen &#8220;Hvidovre&#8221;<br \/>\n<strong>Fmd.: Svend Mikkelsen<\/strong><br \/>\nEnevangen 61,<br \/>\n3450 Aller\u00f8d<br \/>\nTLF:&nbsp;48 17 00 57<\/td>\n<\/tr>\n<tr style=\"height: 87px;\">\n<td style=\"width: 34.7492%; vertical-align: top; border-style: hidden; height: 87px;\"><a href=\"https:\/\/dkbeer.dk\/\" target=\"_blank\" rel=\"noopener noreferrer\"><strong><img loading=\"lazy\" decoding=\"async\" class=\" wp-image-5494 alignleft\" src=\"https:\/\/bryg.2th.dk\/wp-content\/uploads\/2015\/03\/logo-300x160.jpg\" alt=\"logo\" width=\"137\" height=\"73\" srcset=\"https:\/\/bryg.2th.dk\/wp-content\/uploads\/2015\/03\/logo-300x160.jpg 300w, https:\/\/bryg.2th.dk\/wp-content\/uploads\/2015\/03\/logo.jpg 590w\" sizes=\"auto, (max-width: 137px) 100vw, 137px\" \/><\/strong><\/a><\/td>\n<td style=\"width: 390.228%; vertical-align: top; border-style: hidden; height: 87px;\">Danske \u00d8lsamlere<strong><br \/>\nFmd.: Lenny H\u00f8jsg\u00e5rd Andersen<\/strong><br \/>\n8700 Horsens<br \/>\nTlf. 28 27 04 14<\/td>\n<\/tr>\n<tr style=\"height: 18px;\">\n<td style=\"width: 34.7492%; vertical-align: top; border-style: hidden; height: 18px;\"><strong>\u00d8l foreninger:<\/strong><\/td>\n<td style=\"width: 390.228%; vertical-align: top; border-style: hidden; height: 18px;\">&nbsp;<\/td>\n<\/tr>\n<tr style=\"height: 148px;\">\n<td style=\"width: 34.7492%; vertical-align: top; border-style: hidden; height: 148px;\"><a href=\"https:\/\/www.ale.dk\/\" target=\"_blank\" rel=\"noopener noreferrer\"><img loading=\"lazy\" decoding=\"async\" class=\"alignleft wp-image-5499\" src=\"https:\/\/bryg.2th.dk\/wp-content\/uploads\/2015\/03\/oel_entiu.jpg\" alt=\"oel_entiu\" width=\"134\" height=\"134\"><\/a><\/td>\n<td style=\"width: 390.228%; vertical-align: top; border-style: hidden; height: 148px;\">Danske \u00d8lentusiaster<br \/>\nSe mere p\u00e5 deres hjemmeside.<\/td>\n<\/tr>\n<tr style=\"height: 18px;\">\n<td style=\"width: 424.978%; vertical-align: top; border-style: hidden; height: 18px;\" colspan=\"2\"><strong>Udenlandske samlerforeninger:<\/strong><\/td>\n<\/tr>\n<tr style=\"height: 151px;\">\n<td style=\"width: 34.7492%; vertical-align: top; border-style: hidden; height: 151px;\"><a href=\"http:\/\/bryggeriklubben.se\/\" target=\"_blank\" rel=\"noopener noreferrer\"><img loading=\"lazy\" decoding=\"async\" class=\" wp-image-11370 alignleft\" src=\"https:\/\/bryg.2th.dk\/wp-content\/uploads\/2015\/03\/bryggeriklubben_se.jpg\" alt=\"bryggeriklubben\" width=\"137\" height=\"138\" srcset=\"https:\/\/bryg.2th.dk\/wp-content\/uploads\/2015\/03\/bryggeriklubben_se.jpg 300w, https:\/\/bryg.2th.dk\/wp-content\/uploads\/2015\/03\/bryggeriklubben_se-150x150.jpg 150w, https:\/\/bryg.2th.dk\/wp-content\/uploads\/2015\/03\/bryggeriklubben_se-298x300.jpg 298w\" sizes=\"auto, (max-width: 137px) 100vw, 137px\" \/><\/a><\/td>\n<td style=\"width: 390.228%; vertical-align: top; border-style: hidden; height: 151px;\">Samlerklubben<br \/>\n<strong>Fmd.:&nbsp;Magnus Karlsson,<br \/>\n<\/strong>Kanonv\u00e4gen 7<br \/>\nS-79296 V\u00e5mhus<br \/>\nTlf.: +46 070-33 07 026<\/td>\n<\/tr>\n<tr style=\"height: 156px;\">\n<td style=\"width: 34.7492%; vertical-align: top; border-style: hidden; height: 156px;\"><a href=\"https:\/\/www.ibv1958.biz\/\" target=\"_blank\" rel=\"noopener noreferrer\"><img loading=\"lazy\" decoding=\"async\" class=\"wp-image-20150 alignleft\" src=\"https:\/\/bryg.2th.dk\/wp-content\/uploads\/2016\/09\/ibv.gif\" alt=\"ibv\" width=\"142\" height=\"142\"><\/a><\/td>\n<td style=\"width: 390.228%; vertical-align: top; border-style: hidden; height: 156px;\">Internationaler Brauereikultur-Verband e.V. (IBV)<br \/>\n<strong>Fmd:&nbsp;Michael L\u00fcking<\/strong><br \/>\nAn der Schule 1 N, 29342 Wienhausen,&nbsp;Tyskland<br \/>\nTlf.: +49 05149 7654111<br \/>\nE-mail: lueking@ibv1958.de<\/td>\n<\/tr>\n<tr style=\"height: 146px;\">\n<td style=\"width: 34.7492%; vertical-align: top; border-style: hidden; height: 146px;\"><a href=\"https:\/\/www.fvb-bdm.de\/\" target=\"_blank\" rel=\"noopener noreferrer\"><img loading=\"lazy\" decoding=\"async\" class=\"wp-image-23361 alignleft\" src=\"https:\/\/bryg.2th.dk\/wp-content\/uploads\/2018\/08\/Bdm-logo.gif\" alt=\"\" width=\"130\" height=\"132\"><\/a><\/td>\n<td style=\"width: 390.228%; vertical-align: top; border-style: hidden; height: 146px;\">F\u00f6rderergemeinschaft von Brauerei-Werbemittel-Sammlern e.V.<br \/>\n<strong>Fmd.:&nbsp;Mathias Russmann<\/strong><br \/>\nE-mail:&nbsp;mathiasrussmann@web.de<\/td>\n<\/tr>\n<tr style=\"height: 18px;\">\n<td style=\"width: 424.978%; vertical-align: top; border-style: hidden; height: 18px;\" colspan=\"2\"><strong>&nbsp;Andre samlere:<\/strong><\/td>\n<\/tr>\n<tr style=\"height: 18px;\">\n<td style=\"width: 34.7492%; vertical-align: top; border-style: hidden; height: 18px;\">&nbsp;<\/td>\n<td style=\"width: 390.228%; vertical-align: top; border-style: hidden; height: 18px;\">&nbsp;P.t. ingen andre hjemmesider.<\/td>\n<\/tr>\n<\/tbody>\n<\/table>\n<p style=\"text-align: justify;\">Hvis du har linket mig p\u00e5 din hjemmeside, som omhandler alt indenfor \u00f8l. S\u00e5 giv mig besked og jeg vil f\u00e5 din side linket her.<\/p>\n","protected":false},"excerpt":{"rendered":"<p>Samlerforeninger og andre samlere. Der findes samlerforeninger indenfor bryggeri souvenir effekter, som du kan se en liste herunder. Derudover ogs\u00e5 mulighed for at se andre samlere. Danske samlerforeninger: Samlerforeninger i Danmark: SBS (Skandinavisk Bryggerisouvernier Fmd.: Kim Kjelstrup N\u00f8ragersmindevej 54 2791 Drag\u00f8r Tlf.: 29 26 92 08 E-mail: formand@sbs-samler.dk Samlerforeningen &#8220;Hvidovre&#8221; Fmd.: Svend Mikkelsen Enevangen 61, &hellip; <a href=\"https:\/\/bryg.2th.dk\/?page_id=1093\" class=\"more-link\">L\u00e6s videre <span class=\"screen-reader-text\">Samlerforeninger og links<\/span> <span class=\"meta-nav\">&rarr;<\/span><\/a><\/p>\n","protected":false},"author":2,"featured_media":0,"parent":0,"menu_order":12,"comment_status":"closed","ping_status":"closed","template":"","meta":{"ngg_post_thumbnail":0,"footnotes":""},"categories":[],"tags":[],"class_list":["post-1093","page","type-page","status-publish","hentry"],"_links":{"self":[{"href":"https:\/\/bryg.2th.dk\/index.php?rest_route=\/wp\/v2\/pages\/1093","targetHints":{"allow":["GET"]}}],"collection":[{"href":"https:\/\/bryg.2th.dk\/index.php?rest_route=\/wp\/v2\/pages"}],"about":[{"href":"https:\/\/bryg.2th.dk\/index.php?rest_route=\/wp\/v2\/types\/page"}],"author":[{"embeddable":true,"href":"https:\/\/bryg.2th.dk\/index.php?rest_route=\/wp\/v2\/users\/2"}],"replies":[{"embeddable":true,"href":"https:\/\/bryg.2th.dk\/index.php?rest_route=%2Fwp%2Fv2%2Fcomments&post=1093"}],"version-history":[{"count":1,"href":"https:\/\/bryg.2th.dk\/index.php?rest_route=\/wp\/v2\/pages\/1093\/revisions"}],"predecessor-version":[{"id":53609,"href":"https:\/\/bryg.2th.dk\/index.php?rest_route=\/wp\/v2\/pages\/1093\/revisions\/53609"}],"wp:attachment":[{"href":"https:\/\/bryg.2th.dk\/index.php?rest_route=%2Fwp%2Fv2%2Fmedia&parent=1093"}],"wp:term":[{"taxonomy":"category","embeddable":true,"href":"https:\/\/bryg.2th.dk\/index.php?rest_route=%2Fwp%2Fv2%2Fcategories&post=1093"},{"taxonomy":"post_tag","embeddable":true,"href":"https:\/\/bryg.2th.dk\/index.php?rest_route=%2Fwp%2Fv2%2Ftags&post=1093"}],"curies":[{"name":"wp","href":"https:\/\/api.w.org\/{rel}","templated":true}]}}