{"id":1023,"date":"2015-03-20T22:08:06","date_gmt":"2015-03-20T21:08:06","guid":{"rendered":"https:\/\/brygny.2th.dk\/?page_id=1023"},"modified":"2025-09-24T19:19:32","modified_gmt":"2025-09-24T17:19:32","slug":"refsvindinge-bryggeri","status":"publish","type":"page","link":"https:\/\/bryg.2th.dk\/?page_id=1023","title":{"rendered":"Refsvindinge Bryggeri"},"content":{"rendered":"<h3>Refsvindinge Bryggeri, 1885-?<\/h3>\n<hr>\n<p><strong>KORT INFO OM BRYGGERIET\/FABRIKKEN.<\/strong><\/p>\n<table>\n<tbody>\n<tr style=\"border-style: hidden;\">\n<td style=\"width: 40%;background-color: #d4e6d3; height: 18px; border-style: hidden;\" scope=\"row\">&nbsp;<\/td>\n<td style=\"width: 60%; height: 18px; border-style: hidden; vertical-align: top; background-color: #ededed;\" scope=\"row\"><strong>Ejere.<\/strong><\/td>\n<\/tr>\n<tr style=\"border-style: hidden;\">\n<td style=\"width: 40%;background-color: #d4e6d3; height: 233px; border-style: hidden;\" rowspan=\"4\" scope=\"row\"><img decoding=\"async\" class=\"ngg-singlepic ngg-none aligncenter\" src=\"https:\/\/bryg.2th.dk\/wp-content\/gallery\/bryggeri-logoer\/intet_logo.jpg\" alt=\"\" width=\"85%\" height=\"200\"><\/td>\n<td style=\"vertical-align: top; width: 60%; border-color: #000000; height: 179px; border-style: hidden; background-color: #ededed;\" scope=\"row\">Hans Povl Rasmussen 1893-1942<br \/>\nRasmus Rasmussen 1942-1965<br \/>\nHans Povl Rasmussen 1965-2001<br \/>\nJohn Rasmus Juul Rasmussen 2001-<\/td>\n<\/tr>\n<tr style=\"border-style: hidden;\">\n<td style=\"vertical-align: top; width: 60%; border-color: #000000; height: 18px; border-style: hidden; background-color: #ededed;\"><strong>Links. <\/strong><a href=\"https:\/\/bryggerietrefsvindinge.dk\/\" target=\"_blank\" rel=\"noopener noreferrer\">Ja<\/a><\/td>\n<\/tr>\n<tr style=\"border-style: hidden;\">\n<td style=\"vertical-align: top; width: 60%; border-color: #000000; height: 18px; border-style: hidden; background-color: #ededed;\" scope=\"row\"><strong>Kendte adresser.<\/strong><\/td>\n<\/tr>\n<tr style=\"border-style: hidden;\">\n<td style=\"vertical-align: top; width: 60%; border-color: #000000; height: 18px; border-style: hidden; background-color: #ededed;\">Nyborgvej 80, 5853 \u00d8rb\u00e6k<\/td>\n<\/tr>\n<\/tbody>\n<\/table>\n<hr>\n<p><strong>HISTORIEN.<\/strong><\/p>\n<p style=\"text-align: justify;\">Bryggeriet blev anlagt den 14 april i 1885 som Maltg\u00f8reri og i 1986 blev der udvidet med bayersk \u00f8l p\u00e5 bryggeriet. De gamle bygninger har ikke \u00e6ndret sig ret meget siden bryggeriet startede, men hvis man kigger efter, s\u00e5 kan man se en gammel togvogn kilet ind i mellem bygningerne for at give mere plads, togvognen bliver rent faktisk brugt til at &#8220;hvile&#8221; \u00f8llen i de rustfrie st\u00e5ltanke der st\u00e5r der. Deres \u00f8l (is\u00e6r Ale no. 16) er godt rost, og har vundet mange pr\u00e6mier i tidens l\u00f8b, og blev som senest i \u00e5r 2000 k\u00e5ret som den bedste i Danmark, og i 2001 den tredjebedste i verden.<\/p>\n<p style=\"text-align: justify;\">Brygningen af \u00f8llet er stadig som i de gamle dage, alts\u00e5 med h\u00e5ndkraft.<\/p>\n<p style=\"text-align: justify;\">Bryggeriet har indg\u00e5et en aftale i 2001 med Bryggeriet Vestfyen om ibrugtagning af en g\u00e6rtank p\u00e5 110 hektoliter til deres \u00f8l Ale no. 16. Grunden er eftersp\u00f8rgslen af \u00f8llen er s\u00e5 stor at man ikke kunne f\u00f8lge med, da man kun har en g\u00e6rtank p\u00e5 kun 20 hektoliter.<\/p>\n<p style=\"text-align: justify;\">I 2008 blev der installeret nyt tappeanl\u00e6g i endnu en tilbygning, og dette gjorde plads til at installere nye og bedre bryggefaciliteter, som blev taget i brug i starten af 2009, efter en gennemgribende renovering af hele bryghuset. Samtidig er der bygget ny k\u00f8lehal i direkte forbindelse med tappehallen.<\/p>\n<p style=\"text-align: justify;\">De laver kun \u00f8l og og fik i 1999 k\u00e5ret en af deres \u00f8l som landets bedste. Navnet p\u00e5 \u00f8llen er Ale No. 16. De vandt ogs\u00e5 en konkurrence i Belgien i 1990, og \u00f8llets navn var dengang: Refsvindinge Pilsner, nr. \u00e9t.<\/p>\n<p style=\"text-align: justify;\">Samarbejdet med Bryggeriet Vestfyen er slut i 2024, eftersom man havde sv\u00e6rt ved at samarbejde, da Vestfyen fik nye ejere i 2023. Nu er det Thisted Bryghus som har f\u00e5et \u00e6ren af at samarbejde med bryggeriet med at producere og tappe deres \u00f8l.<\/p>\n<hr>\n<p><strong>ETIKETTERNE.<\/strong><\/p>\nngg_shortcode_0_placeholder\n<hr>\n<p><strong>ARTIKLER.<\/strong><\/p>\n<p>Der er ikke nogen informationer til dette punkt endnu.<\/p>\n<hr>\n<p><strong>ANDET.<\/strong><\/p>\n<p>Der er ikke nogen informationer til dette punkt endnu.<\/p>\n<hr>\n<p><strong>LITTERATUR.<\/strong><\/p>\n<p>Der er ikke nogen informationer til dette punkt endnu.<\/p>\n<hr>\n<p><strong>REKLAMER &#8211; HERUNDER REKLAME FILM.<\/strong><\/p>\n<p>Der er ikke nogen informationer til dette punkt endnu.<\/p>\n","protected":false},"excerpt":{"rendered":"<p>Refsvindinge Bryggeri, 1885-? KORT INFO OM BRYGGERIET\/FABRIKKEN. &nbsp; Ejere. Hans Povl Rasmussen 1893-1942 Rasmus Rasmussen 1942-1965 Hans Povl Rasmussen 1965-2001 John Rasmus Juul Rasmussen 2001- Links. Ja Kendte adresser. Nyborgvej 80, 5853 \u00d8rb\u00e6k HISTORIEN. Bryggeriet blev anlagt den 14 april i 1885 som Maltg\u00f8reri og i 1986 blev der udvidet med bayersk \u00f8l p\u00e5 bryggeriet. &hellip; <a href=\"https:\/\/bryg.2th.dk\/?page_id=1023\" class=\"more-link\">L\u00e6s videre <span class=\"screen-reader-text\">Refsvindinge Bryggeri<\/span> <span class=\"meta-nav\">&rarr;<\/span><\/a><\/p>\n","protected":false},"author":2,"featured_media":0,"parent":21,"menu_order":102,"comment_status":"closed","ping_status":"closed","template":"","meta":{"ngg_post_thumbnail":0,"footnotes":""},"categories":[173,53],"tags":[96],"class_list":["post-1023","page","type-page","status-publish","hentry","category-5853b","category-danske-bryggerier-danske-bryggerier","tag-dk_bryg"],"_links":{"self":[{"href":"https:\/\/bryg.2th.dk\/index.php?rest_route=\/wp\/v2\/pages\/1023","targetHints":{"allow":["GET"]}}],"collection":[{"href":"https:\/\/bryg.2th.dk\/index.php?rest_route=\/wp\/v2\/pages"}],"about":[{"href":"https:\/\/bryg.2th.dk\/index.php?rest_route=\/wp\/v2\/types\/page"}],"author":[{"embeddable":true,"href":"https:\/\/bryg.2th.dk\/index.php?rest_route=\/wp\/v2\/users\/2"}],"replies":[{"embeddable":true,"href":"https:\/\/bryg.2th.dk\/index.php?rest_route=%2Fwp%2Fv2%2Fcomments&post=1023"}],"version-history":[{"count":1,"href":"https:\/\/bryg.2th.dk\/index.php?rest_route=\/wp\/v2\/pages\/1023\/revisions"}],"predecessor-version":[{"id":53424,"href":"https:\/\/bryg.2th.dk\/index.php?rest_route=\/wp\/v2\/pages\/1023\/revisions\/53424"}],"up":[{"embeddable":true,"href":"https:\/\/bryg.2th.dk\/index.php?rest_route=\/wp\/v2\/pages\/21"}],"wp:attachment":[{"href":"https:\/\/bryg.2th.dk\/index.php?rest_route=%2Fwp%2Fv2%2Fmedia&parent=1023"}],"wp:term":[{"taxonomy":"category","embeddable":true,"href":"https:\/\/bryg.2th.dk\/index.php?rest_route=%2Fwp%2Fv2%2Fcategories&post=1023"},{"taxonomy":"post_tag","embeddable":true,"href":"https:\/\/bryg.2th.dk\/index.php?rest_route=%2Fwp%2Fv2%2Ftags&post=1023"}],"curies":[{"name":"wp","href":"https:\/\/api.w.org\/{rel}","templated":true}]}}