{"id":1021,"date":"2015-03-20T22:05:09","date_gmt":"2015-03-20T21:05:09","guid":{"rendered":"https:\/\/brygny.2th.dk\/?page_id=1021"},"modified":"2019-12-25T21:35:07","modified_gmt":"2019-12-25T20:35:07","slug":"mineralvandsfabrikker","status":"publish","type":"page","link":"https:\/\/bryg.2th.dk\/?page_id=1021","title":{"rendered":"Mineralvandsfabrikker"},"content":{"rendered":"<h3>Danmarks Mineralvandsfabrikker.<\/h3>\n<hr>\n<p style=\"text-align: justify;\">Her vil der i den kommende tid komme flere mineralvandsfabrikker&nbsp;til listen, afh\u00e6ngig af hvor mange jeg kan finde materialer om. Stedet her vil indholde historier, billeder af etiketter, beskrivelser over fabrikkerne og andet billed materiale.<\/p>\n<p style=\"text-align: justify;\">Med tak for l\u00e5n fra de diverse lokale arkiver i Danmark, til bryggerierne som eksistere i dag.<\/p>\n<p style=\"text-align: justify;\">Men jeg mangler stadig meget om de danske mineralvandsfabrikkernes&nbsp;historier, s\u00e5 hvis du finder et af fabrikkerne&nbsp;p\u00e5 min liste, hvor du har noget om fabrikken&nbsp;du gerne vil videregive til mig, eller du ikke finder fabrikken&nbsp;som du mener har eksisteret, og kan hj\u00e6lpe til der, s\u00e5 kan du sende en E-mail til mig. Linket findes i venstre side i menuen. Jeg forts\u00e6tter fortsat med at jagte alt om bryggerierne og mineralvandsfabrikkerne og h\u00e5ber at der kommer meget frem, s\u00e5 danmarks historien om fabrikkerne&nbsp;bliver mere fyldestg\u00f8rende.<\/p>\n<p style=\"text-align: justify;\">Flere steder ser du parentes om \u00e5rstallene, hvilke betyder at de \u00e5rstal som er i parentes, er det sikkert at bryggeriet og\/eller ejeren har virket.<\/p>\n<p style=\"text-align: justify;\">Bryggerierne&nbsp;som er med her skyldtes, at de har sodavand i produktionen.<\/p>\n<p style=\"text-align: justify;\">Se listen over mineralvandsfabrikkerne her.<\/p>\n<ul class=\"list-pages-shortcode child-pages\"><li class=\"page_item page-item-12255 page_item_has_children\"><a href=\"https:\/\/bryg.2th.dk\/?page_id=12255\">Bornholm<\/a><\/li>\n<li class=\"page_item page-item-12253 page_item_has_children\"><a href=\"https:\/\/bryg.2th.dk\/?page_id=12253\">Fyn<\/a><\/li>\n<li class=\"page_item page-item-12259 page_item_has_children\"><a href=\"https:\/\/bryg.2th.dk\/?page_id=12259\">Jylland<\/a><\/li>\n<li class=\"page_item page-item-24691 page_item_has_children\"><a href=\"https:\/\/bryg.2th.dk\/?page_id=24691\">Med ukendt placering<\/a><\/li>\n<li class=\"page_item page-item-12257 page_item_has_children\"><a href=\"https:\/\/bryg.2th.dk\/?page_id=12257\">Sj\u00e6lland &#8211; K\u00f8benhavn &#038; Lolland Falster<\/a><\/li>\n<\/ul>\n<p style=\"text-align: justify;\">At der st\u00e5r, &#8220;kort info om bryggeriet&#8221; er egentlig ikke en fejl, da flere af fabrikkerne ogs\u00e5 bryggede \u00f8l. Selvf\u00f8lgelig er der ogs\u00e5 en del fabrikker som kun laver mineralvand, s\u00e5 kan det lyde misvisende.<\/p>\n","protected":false},"excerpt":{"rendered":"<p>Danmarks Mineralvandsfabrikker. Her vil der i den kommende tid komme flere mineralvandsfabrikker&nbsp;til listen, afh\u00e6ngig af hvor mange jeg kan finde materialer om. Stedet her vil indholde historier, billeder af etiketter, beskrivelser over fabrikkerne og andet billed materiale. Med tak for l\u00e5n fra de diverse lokale arkiver i Danmark, til bryggerierne som eksistere i dag. Men &hellip; <a href=\"https:\/\/bryg.2th.dk\/?page_id=1021\" class=\"more-link\">L\u00e6s videre <span class=\"screen-reader-text\">Mineralvandsfabrikker<\/span> <span class=\"meta-nav\">&rarr;<\/span><\/a><\/p>\n","protected":false},"author":2,"featured_media":0,"parent":0,"menu_order":8,"comment_status":"closed","ping_status":"closed","template":"","meta":{"ngg_post_thumbnail":0,"footnotes":""},"categories":[],"tags":[],"class_list":["post-1021","page","type-page","status-publish","hentry"],"_links":{"self":[{"href":"https:\/\/bryg.2th.dk\/index.php?rest_route=\/wp\/v2\/pages\/1021","targetHints":{"allow":["GET"]}}],"collection":[{"href":"https:\/\/bryg.2th.dk\/index.php?rest_route=\/wp\/v2\/pages"}],"about":[{"href":"https:\/\/bryg.2th.dk\/index.php?rest_route=\/wp\/v2\/types\/page"}],"author":[{"embeddable":true,"href":"https:\/\/bryg.2th.dk\/index.php?rest_route=\/wp\/v2\/users\/2"}],"replies":[{"embeddable":true,"href":"https:\/\/bryg.2th.dk\/index.php?rest_route=%2Fwp%2Fv2%2Fcomments&post=1021"}],"version-history":[{"count":0,"href":"https:\/\/bryg.2th.dk\/index.php?rest_route=\/wp\/v2\/pages\/1021\/revisions"}],"wp:attachment":[{"href":"https:\/\/bryg.2th.dk\/index.php?rest_route=%2Fwp%2Fv2%2Fmedia&parent=1021"}],"wp:term":[{"taxonomy":"category","embeddable":true,"href":"https:\/\/bryg.2th.dk\/index.php?rest_route=%2Fwp%2Fv2%2Fcategories&post=1021"},{"taxonomy":"post_tag","embeddable":true,"href":"https:\/\/bryg.2th.dk\/index.php?rest_route=%2Fwp%2Fv2%2Ftags&post=1021"}],"curies":[{"name":"wp","href":"https:\/\/api.w.org\/{rel}","templated":true}]}}