{"id":10085,"date":"2015-04-19T20:42:36","date_gmt":"2015-04-19T18:42:36","guid":{"rendered":"https:\/\/brygny.2th.dk\/?page_id=10085"},"modified":"2022-12-10T00:31:08","modified_gmt":"2022-12-09T23:31:08","slug":"10085-2","status":"publish","type":"page","link":"https:\/\/bryg.2th.dk\/?page_id=10085","title":{"rendered":"Reklame for Urban"},"content":{"rendered":"<h3>Urban reklame<\/h3>\n<p>Reklamen midlertidig ikke tilg\u00e6ngelig.<\/p>\n<p>Her ses nok de meget kendte biografreklamer med Kjeld Petersen og Dirch Passer i deres tur rundt i verdenen under sloganet &#8220;bl\u00e5t en enkelt slurk, og du bliver et nyt menneske&#8221;. Selve reklamefilm med de 2 herlige skuespillere vises navnet ikke p\u00e5 \u00f8llen f\u00f8r slutningen. Grunden var at de mange sm\u00e5 bryggerier denne gang ikke havde r\u00e5d til disse reklamer, s\u00e5 man valgte at lave en f\u00e6lles film, hvor man til sidst s\u00e5 kunne se \u00f8llets navn. Og filmene blev s\u00e5 sendt i de lokale biografer i n\u00e6rheden af, hvor bryggerierne holder til.<\/p>\n<p>Denne her er s\u00e5 en med Urban.<\/p>\n","protected":false},"excerpt":{"rendered":"<p>Urban reklame Reklamen midlertidig ikke tilg\u00e6ngelig. Her ses nok de meget kendte biografreklamer med Kjeld Petersen og Dirch Passer i deres tur rundt i verdenen under sloganet &#8220;bl\u00e5t en enkelt slurk, og du bliver et nyt menneske&#8221;. Selve reklamefilm med de 2 herlige skuespillere vises navnet ikke p\u00e5 \u00f8llen f\u00f8r slutningen. Grunden var at de &hellip; <a href=\"https:\/\/bryg.2th.dk\/?page_id=10085\" class=\"more-link\">L\u00e6s videre <span class=\"screen-reader-text\">Reklame for Urban<\/span> <span class=\"meta-nav\">&rarr;<\/span><\/a><\/p>\n","protected":false},"author":2,"featured_media":0,"parent":10083,"menu_order":0,"comment_status":"closed","ping_status":"closed","template":"","meta":{"ngg_post_thumbnail":0,"footnotes":""},"categories":[],"tags":[],"class_list":["post-10085","page","type-page","status-publish","hentry"],"_links":{"self":[{"href":"https:\/\/bryg.2th.dk\/index.php?rest_route=\/wp\/v2\/pages\/10085","targetHints":{"allow":["GET"]}}],"collection":[{"href":"https:\/\/bryg.2th.dk\/index.php?rest_route=\/wp\/v2\/pages"}],"about":[{"href":"https:\/\/bryg.2th.dk\/index.php?rest_route=\/wp\/v2\/types\/page"}],"author":[{"embeddable":true,"href":"https:\/\/bryg.2th.dk\/index.php?rest_route=\/wp\/v2\/users\/2"}],"replies":[{"embeddable":true,"href":"https:\/\/bryg.2th.dk\/index.php?rest_route=%2Fwp%2Fv2%2Fcomments&post=10085"}],"version-history":[{"count":0,"href":"https:\/\/bryg.2th.dk\/index.php?rest_route=\/wp\/v2\/pages\/10085\/revisions"}],"up":[{"embeddable":true,"href":"https:\/\/bryg.2th.dk\/index.php?rest_route=\/wp\/v2\/pages\/10083"}],"wp:attachment":[{"href":"https:\/\/bryg.2th.dk\/index.php?rest_route=%2Fwp%2Fv2%2Fmedia&parent=10085"}],"wp:term":[{"taxonomy":"category","embeddable":true,"href":"https:\/\/bryg.2th.dk\/index.php?rest_route=%2Fwp%2Fv2%2Fcategories&post=10085"},{"taxonomy":"post_tag","embeddable":true,"href":"https:\/\/bryg.2th.dk\/index.php?rest_route=%2Fwp%2Fv2%2Ftags&post=10085"}],"curies":[{"name":"wp","href":"https:\/\/api.w.org\/{rel}","templated":true}]}}